{"id":8844,"date":"2025-12-11T08:44:59","date_gmt":"2025-12-11T08:44:59","guid":{"rendered":"https:\/\/skyhawksfusion.com\/gientnew\/?page_id=8844"},"modified":"2026-02-10T07:59:26","modified_gmt":"2026-02-10T07:59:26","slug":"cong-nghe-xu-ly-chat-thai-y-te","status":"publish","type":"page","link":"https:\/\/skyhawksfusion.com\/gientnew\/vi\/cong-nghe-xu-ly-chat-thai-y-te\/","title":{"rendered":"C\u00f4ng ngh\u1ec7 x\u1eed l\u00fd ch\u1ea5t th\u1ea3i y t\u1ebf"},"content":{"rendered":"<p><img decoding=\"async\" class=\"x-img x-img-none\" src=\"https:\/\/www.gient.net\/wp-content\/uploads\/2025\/10\/3.-Medical-Waste-Treatment-Technologies-scaled.jpg\" \/><\/p>\n<h2 class=\"h-custom-headline cs-ta-left h2\">C\u00f4ng ngh\u1ec7 x\u1eed l\u00fd ch\u1ea5t th\u1ea3i y t\u1ebf<\/h2>\n<p>C\u00e1c c\u00f4ng ngh\u1ec7 x\u1eed l\u00fd ch\u1ea5t th\u1ea3i y t\u1ebf ch\u1ee7 y\u1ebfu \u0111\u01b0\u1ee3c chia th\u00e0nh hai ph\u01b0\u01a1ng ph\u00e1p: <strong><b>thi\u00eau \u0111\u1ed1t<\/b><\/strong> v\u00e0 <strong><b>kh\u00f4ng thi\u00eau \u0111\u1ed1t<\/b><\/strong>. Thi\u00eau \u0111\u1ed1t t\u1eebng l\u00e0 l\u1ef1a ch\u1ecdn ch\u1ee7 \u0111\u1ea1o tr\u00ean to\u00e0n th\u1ebf gi\u1edbi v\u00ec n\u00f3 c\u00f3 th\u1ec3 nhanh ch\u00f3ng ti\u00eau di\u1ec7t m\u1ea7m b\u1ec7nh v\u00e0 gi\u1ea3m th\u1ec3 t\u00edch ch\u1ea5t th\u1ea3i. Tuy nhi\u00ean, n\u00f3 c\u0169ng t\u1ea1o ra kh\u00ed th\u1ea3i \u0111\u1ed9c h\u1ea1i\u2014\u0111\u1eb7c bi\u1ec7t l\u00e0 <strong><b>dioxin, furan v\u00e0 kim lo\u1ea1i n\u1eb7ng<\/b><\/strong>\u2014g\u00e2y ra nh\u1eefng r\u1ee7i ro nghi\u00eam tr\u1ecdng cho s\u1ee9c kh\u1ecfe con ng\u01b0\u1eddi v\u00e0 m\u00f4i tr\u01b0\u1eddng.<\/p>\n<p><u>B\u1ea1n mu\u1ed1n t\u00ecm hi\u1ec3u th\u00eam v\u1ec1 ph\u01b0\u01a1ng ph\u00e1p thi\u00eau \u0111\u1ed1t v\u00e0 nh\u1eefng th\u00e1ch th\u1ee9c c\u1ee7a n\u00f3?<\/u><\/p>\n<p>Ng\u01b0\u1ee3c l\u1ea1i, <strong><b>c\u00e1c c\u00f4ng ngh\u1ec7 kh\u00f4ng thi\u00eau \u0111\u1ed1t<\/b><\/strong> \u0111\u00e3 n\u1ed5i l\u00ean nh\u01b0 nh\u1eefng gi\u1ea3i ph\u00e1p thay th\u1ebf an to\u00e0n h\u01a1n v\u00e0 b\u1ec1n v\u1eefng h\u01a1n. M\u1ed9t s\u1ed1 c\u00f4ng ngh\u1ec7, ch\u1eb3ng h\u1ea1n nh\u01b0 n\u1ed3i h\u1ea5p (kh\u1eed tr\u00f9ng b\u1eb1ng h\u01a1i n\u01b0\u1edbc), hi\u1ec7n \u0111ang \u0111\u01b0\u1ee3c \u00e1p d\u1ee5ng r\u1ed9ng r\u00e3i v\u00e0 \u0111\u01b0\u1ee3c c\u00f4ng nh\u1eadn l\u00e0 c\u00e1c gi\u1ea3i ph\u00e1p ch\u00ednh th\u1ed1ng \u0111\u00e1ng tin c\u1eady, \u00edt ph\u00e1t th\u1ea3i. C\u00e1c c\u00f4ng ngh\u1ec7 kh\u00e1c\u2014ch\u1eb3ng h\u1ea1n nh\u01b0 kh\u1eed tr\u00f9ng b\u1eb1ng vi s\u00f3ng, kh\u1eed tr\u00f9ng b\u1eb1ng h\u00f3a ch\u1ea5t, h\u1ec7 th\u1ed1ng nhi\u1ec7t kh\u00f4 v\u00e0 c\u00f4ng ngh\u1ec7 h\u1ed3 quang plasma\u2014cung c\u1ea5p c\u00e1c m\u1ee9c \u0111\u1ed9 tr\u01b0\u1edfng th\u00e0nh v\u00e0 \u1ee9ng d\u1ee5ng kh\u00e1c nhau, m\u1ed7i lo\u1ea1i \u0111\u1ec1u c\u00f3 nh\u1eefng \u01b0u \u0111i\u1ec3m v\u00e0 h\u1ea1n ch\u1ebf ri\u00eang.<\/p>\n<p>\u0110\u01b0\u1ee3c th\u00fac \u0111\u1ea9y b\u1edfi c\u00e1c quy \u0111\u1ecbnh m\u00f4i tr\u01b0\u1eddng nghi\u00eam ng\u1eb7t h\u01a1n v\u00e0 nh\u1eadn th\u1ee9c ng\u00e0y c\u00e0ng t\u0103ng v\u1ec1 r\u1ee7i ro \u00f4 nhi\u1ec5m, nhi\u1ec1u qu\u1ed1c gia \u0111ang chuy\u1ec3n \u0111\u1ed5i t\u1eeb ph\u01b0\u01a1ng ph\u00e1p thi\u00eau \u0111\u1ed1t truy\u1ec1n th\u1ed1ng sang s\u1ef1 k\u1ebft h\u1ee3p \u0111a d\u1ea1ng h\u01a1n c\u00e1c ph\u01b0\u01a1ng ph\u00e1p x\u1eed l\u00fd, v\u1edbi c\u00e1c gi\u1ea3i ph\u00e1p kh\u00f4ng \u0111\u1ed1t ng\u00e0y c\u00e0ng \u0111\u01b0\u1ee3c \u01b0a chu\u1ed9ng nh\u01b0 l\u00e0 t\u01b0\u01a1ng lai c\u1ee7a qu\u1ea3n l\u00fd ch\u1ea5t th\u1ea3i y t\u1ebf.<\/p>\n<h4><strong><u>L\u1ecbch s\u1eed t\u00f3m t\u1eaft<\/u><\/strong><strong><u>:\u00a0<\/u><\/strong><strong><u>Quy \u0111\u1ecbnh nh\u01b0 m\u1ed9t ch\u1ea5t x\u00fac t\u00e1c<\/u><\/strong><\/h4>\n<p>L\u1ecbch s\u1eed x\u1eed l\u00fd ch\u1ea5t th\u1ea3i y t\u1ebf \u0111\u00e3 \u0111\u01b0\u1ee3c c\u00e1ch m\u1ea1ng h\u00f3a b\u1edfi c\u00e1c quy \u0111\u1ecbnh v\u1ec1 m\u00f4i tr\u01b0\u1eddng. Trong nhi\u1ec1u th\u1eadp k\u1ef7, <strong><u><b>thi\u00eau \u0111\u1ed1t<\/b><\/u><\/strong> l\u00e0 ph\u01b0\u01a1ng ph\u00e1p ch\u1ee7 \u0111\u1ea1o, ph\u1ea7n l\u1edbn kh\u00f4ng \u0111\u01b0\u1ee3c ki\u1ec3m so\u00e1t. M\u1ed9t b\u01b0\u1edbc ngo\u1eb7t l\u1edbn l\u00e0 \u0110\u1ea1o lu\u1eadt Kh\u00f4ng kh\u00ed s\u1ea1ch c\u1ee7a Hoa K\u1ef3 n\u0103m 1990, \u0111\u00e3 thi\u1ebft l\u1eadp c\u00e1c ti\u00eau chu\u1ea9n kh\u00ed th\u1ea3i nghi\u00eam ng\u1eb7t cho c\u00e1c l\u00f2 \u0111\u1ed1t ch\u1ea5t th\u1ea3i y t\u1ebf v\u00e0o n\u0103m 1997. \u0110i\u1ec1u n\u00e0y \u0111\u00e3 l\u00e0m t\u0103ng \u0111\u00e1ng k\u1ec3 chi ph\u00ed v\u00e0 \u0111\u1ed9 ph\u1ee9c t\u1ea1p c\u1ee7a vi\u1ec7c thi\u00eau \u0111\u1ed1t tu\u00e2n th\u1ee7 quy \u0111\u1ecbnh. V\u00e0o th\u1eddi \u0111i\u1ec3m \u0111\u00f3, c\u00f3 h\u01a1n <strong><u><b>6.000 l\u00f2 \u0111\u1ed1t ch\u1ea5t th\u1ea3i y t\u1ebf<\/b><\/u><\/strong> ho\u1ea1t \u0111\u1ed9ng tr\u00ean to\u00e0n qu\u1ed1c. Ch\u1ec9 trong v\u00e0i n\u0103m, ph\u1ea7n l\u1edbn c\u00e1c l\u00f2 \u0111\u1ed1t \u0111\u00e3 b\u1ecb \u0111\u00f3ng c\u1eeda v\u00ec kh\u00f4ng th\u1ec3 tu\u00e2n th\u1ee7 c\u00e1c gi\u1edbi h\u1ea1n m\u1edbi. S\u1ef1 thay \u0111\u1ed5i v\u1ec1 quy \u0111\u1ecbnh n\u00e0y <strong><u>\u0111\u00e3 tr\u1ef1c ti\u1ebfp th\u00fac \u0111\u1ea9y s\u1ef1 ph\u00e1t tri\u1ec3n v\u00e0 th\u01b0\u01a1ng m\u1ea1i h\u00f3a c\u00e1c c\u00f4ng ngh\u1ec7 thay th\u1ebf kh\u00f4ng \u0111\u1ed1t ch\u00e1y<\/u><\/strong>. Trong nh\u1eefng n\u0103m sau khi \u0110\u1ea1o lu\u1eadt Kh\u00f4ng kh\u00ed s\u1ea1ch \u0111\u01b0\u1ee3c ban h\u00e0nh, c\u00e1c c\u00f4ng ngh\u1ec7 nh\u01b0 <strong><u>kh\u1eed tr\u00f9ng b\u1eb1ng n\u1ed3i h\u1ea5p (kh\u1eed tr\u00f9ng b\u1eb1ng h\u01a1i n\u01b0\u1edbc), kh\u1eed tr\u00f9ng b\u1eb1ng vi s\u00f3ng, kh\u1eed tr\u00f9ng b\u1eb1ng h\u00f3a ch\u1ea5t, h\u1ed3 quang plasma, x\u1eed l\u00fd b\u1eb1ng ozone v\u00e0 nhi\u1ec7t kh\u00f4<\/u><\/strong> \u0111\u00e3 \u0111\u01b0\u1ee3c ra \u0111\u1eddi v\u00e0 \u00e1p d\u1ee5ng, t\u1ea1o ra m\u1ed9t ng\u00e0nh c\u00f4ng nghi\u1ec7p an to\u00e0n h\u01a1n, \u0111a d\u1ea1ng h\u01a1n v\u00e0 th\u00e2n thi\u1ec7n v\u1edbi m\u00f4i tr\u01b0\u1eddng h\u01a1n. Ng\u00e0y nay, h\u01a1n 90% ch\u1ea5t th\u1ea3i y t\u1ebf c\u1ee7a Hoa K\u1ef3 \u0111\u01b0\u1ee3c x\u1eed l\u00fd b\u1eb1ng n\u1ed3i h\u1ea5p, ch\u1ee9ng minh r\u1eb1ng c\u00e1c gi\u1ea3i ph\u00e1p thay th\u1ebf s\u1ea1ch h\u01a1n v\u1eeba thi\u1ebft th\u1ef1c v\u1eeba hi\u1ec7u qu\u1ea3.<\/p>\n<h4><strong><u>C\u00e1c c\u00f4ng ngh\u1ec7 thay th\u1ebf ph\u1ed5 bi\u1ebfn v\u00e0 t\u00ecnh tr\u1ea1ng \u1ee9ng d\u1ee5ng c\u1ee7a ch\u00fang<\/u><\/strong><\/h4>\n<table>\n<tbody>\n<tr>\n<td width=\"62\">C\u00f4ng ngh\u1ec7<\/td>\n<td width=\"97\">C\u00e1ch th\u1ee9c ho\u1ea1t \u0111\u1ed9ng<\/td>\n<td width=\"70\">Ph\u00f9 h\u1ee3p nh\u1ea5t v\u1edbi<\/td>\n<td width=\"74\">T\u00ecnh tr\u1ea1ng \u1ee9ng d\u1ee5ng<\/td>\n<td width=\"86\">\u01afu \u0111i\u1ec3m ch\u00ednh<\/td>\n<td width=\"63\">Nh\u01b0\u1ee3c \u0111i\u1ec3m ch\u00ednh<\/td>\n<\/tr>\n<tr>\n<td width=\"62\"><strong><u><b>N\u1ed3i h\u1ea5p (Kh\u1eed tr\u00f9ng b\u1eb1ng h\u01a1i n\u01b0\u1edbc<\/b><\/u><\/strong><strong><u><b>)<\/b><\/u><\/strong><\/td>\n<td width=\"97\">S\u1eed d\u1ee5ng ch\u00e2n kh\u00f4ng cao ho\u1eb7c nghi\u1ec1n nh\u1ecf tr\u01b0\u1edbc + h\u01a1i n\u01b0\u1edbc nhi\u1ec7t \u0111\u1ed9 cao \u0111\u1ec3 l\u00e0m n\u00f3ng v\u00e0 kh\u1eed tr\u00f9ng ch\u1ea5t th\u1ea3i.<\/td>\n<td width=\"70\">Ch\u1ea5t th\u1ea3i l\u00e2y nhi\u1ec5m, v\u1eadt s\u1eafc nh\u1ecdn, ch\u1ea5t th\u1ea3i b\u1ec7nh l\u00fd (m\u1ed9t ph\u1ea7n)<\/td>\n<td width=\"74\"><strong><u><b>\u0110\u01b0\u1ee3c \u00e1p d\u1ee5ng r\u1ed9ng r\u00e3i nh\u1ea5t.<\/b><\/u><\/strong><\/p>\n<p>C\u00f4ng ngh\u1ec7 kh\u00f4ng \u0111\u1ed1t ch\u00e1y\u00a0<strong><u><b>ph\u1ed5 bi\u1ebfn nh\u1ea5t<\/b><\/u><\/strong>\u00a0tr\u00ean to\u00e0n c\u1ea7u.<\/td>\n<td width=\"86\">\u25c6 C\u00f4ng ngh\u1ec7 kh\u1eed tr\u00f9ng, an to\u00e0n trong ki\u1ec3m so\u00e1t l\u00e2y nhi\u1ec5m<\/p>\n<p>\u25c6 \u0110\u1ed9 tin c\u1eady cao<\/p>\n<p>\u25c6 Chi ph\u00ed v\u1eadn h\u00e0nh v\u00e0 b\u1ea3o tr\u00ec th\u1ea5p<\/p>\n<p>\u25c6 Kh\u00f4ng ph\u00e1t th\u1ea3i \u0111\u1ed9c h\u1ea1i<\/td>\n<td width=\"63\">Kh\u00f4ng th\u1ec3 x\u1eed l\u00fd ch\u1ea5t th\u1ea3i h\u00f3a ch\u1ea5t ho\u1eb7c d\u01b0\u1ee3c ph\u1ea9m.<\/td>\n<\/tr>\n<tr>\n<td width=\"62\"><strong><u><b>Kh\u1eed tr\u00f9ng b\u1eb1ng vi s\u00f3ng<\/b><\/u><\/strong><\/td>\n<td width=\"97\">Nghi\u1ec1n nh\u1ecf ch\u1ea5t th\u1ea3i v\u00e0 s\u1eed d\u1ee5ng vi s\u00f3ng \u0111\u1ec3 l\u00e0m n\u00f3ng \u0111\u1ed9 \u1ea9m v\u00e0 truy\u1ec1n nhi\u1ec7t \u0111\u1ec3 kh\u1eed tr\u00f9ng ch\u1ea5t th\u1ea3i.<\/td>\n<td width=\"70\">Ch\u1ea5t th\u1ea3i l\u00e2y nhi\u1ec5m, v\u1eadt s\u1eafc nh\u1ecdn, ch\u1ea5t th\u1ea3i b\u1ec7nh l\u00fd (m\u1ed9t ph\u1ea7n)<\/td>\n<td width=\"74\"><strong><u><b>\u0110\u01b0\u1ee3c \u00e1p d\u1ee5ng r\u1ed9ng r\u00e3i.<\/b><\/u><\/strong> M\u1ed9t c\u00f4ng ngh\u1ec7 kh\u00f4ng \u0111\u1ed1t ch\u00e1y ph\u1ed5 bi\u1ebfn.<\/td>\n<td width=\"86\">\u25c6 C\u00f4ng ngh\u1ec7 kh\u1eed tr\u00f9ng<\/p>\n<p>\u25c6 Kh\u00f4ng c\u00f3 ch\u1ea5t th\u1ea3i l\u1ecfng (bay h\u01a1i v\u00e0o kh\u00f4ng kh\u00ed)<\/p>\n<p>\u25c6 Chi ph\u00ed s\u1ea3n xu\u1ea5t th\u1ea5p (kh\u00f4ng c\u1ea7n b\u00ecnh \u00e1p l\u1ef1c)<\/td>\n<td width=\"63\">Kh\u00f4ng th\u1ec3 x\u1eed l\u00fd ch\u1ea5t th\u1ea3i h\u00f3a ch\u1ea5t ho\u1eb7c d\u01b0\u1ee3c ph\u1ea9m.<\/td>\n<\/tr>\n<tr>\n<td width=\"62\"><strong><u><b>Kh\u1eed tr\u00f9ng b\u1eb1ng h\u01a1i n\u01b0\u1edbc v\u00e0 vi s\u00f3ng<\/b><\/u><\/strong><\/td>\n<td width=\"97\">S\u1eed d\u1ee5ng n\u1ed3i h\u1ea5p (b\u00ecnh \u00e1p l\u1ef1c) + vi s\u00f3ng \u0111\u1ec3 l\u00e0m n\u00f3ng v\u00e0 kh\u1eed tr\u00f9ng ch\u1ea5t th\u1ea3i.<\/td>\n<td width=\"70\">Ch\u1ea5t th\u1ea3i l\u00e2y nhi\u1ec5m, v\u1eadt s\u1eafc nh\u1ecdn, ch\u1ea5t th\u1ea3i b\u1ec7nh l\u00fd<\/td>\n<\/tr>\n<\/tbody>\n<\/table>\n<p>ch\u1ea5t th\u1ea3i (m\u1ed9t ph\u1ea7n)<strong><u><b>\u0110\u01b0\u1ee3c s\u1eed d\u1ee5ng \u1edf m\u1ee9c \u0111\u1ed9 v\u1eeba ph\u1ea3i.<\/b><\/u><\/strong> Ph\u1ed5 bi\u1ebfn \u0111\u1ed1i v\u1edbi ch\u1ea5t th\u1ea3i l\u1ecfng v\u00e0 c\u00e1c \u1ee9ng d\u1ee5ng c\u1ee5 th\u1ec3.<\/p>\n<p>\u25c6 C\u00f4ng ngh\u1ec7 kh\u1eed tr\u00f9ng, an to\u00e0n trong ki\u1ec3m so\u00e1t nhi\u1ec5m khu\u1ea9n<\/p>\n<p>\u25c6 Hi\u1ec7u qu\u1ea3 cao<\/p>\n<p>\u25c6 Kh\u00f4ng ph\u00e1t th\u1ea3i ch\u1ea5t \u0111\u1ed9c h\u1ea1i<\/p>\n<p>Kh\u00f4ng th\u1ec3 x\u1eed l\u00fd ch\u1ea5t th\u1ea3i h\u00f3a h\u1ecdc ho\u1eb7c d\u01b0\u1ee3c ph\u1ea9m.<strong><u><b>Nhi\u1ec7t kh\u00f4<\/b><\/u><\/strong>S\u1eed d\u1ee5ng l\u01b0\u1ee1i dao tr\u1ed9n \u0111\u1ec3 t\u1ea1o ra nhi\u1ec7t ma s\u00e1t \u0111\u1ec3 kh\u1eed tr\u00f9ng ch\u1ea5t th\u1ea3i.Ch\u1ea5t th\u1ea3i l\u00e2y nhi\u1ec5m, v\u1eadt s\u1eafc nh\u1ecdn, ch\u1ea5t th\u1ea3i b\u1ec7nh l\u00fd (m\u1ed9t ph\u1ea7n)<strong><u><b>\u0110\u01b0\u1ee3c s\u1eed d\u1ee5ng \u1edf m\u1ee9c \u0111\u1ed9 v\u1eeba ph\u1ea3i.<\/b><\/u><\/strong> Ph\u1ed5 bi\u1ebfn \u0111\u1ed1i v\u1edbi ch\u1ea5t th\u1ea3i l\u1ecfng v\u00e0 c\u00e1c \u1ee9ng d\u1ee5ng c\u1ee5 th\u1ec3.\u0178 Chi ph\u00ed s\u1ea3n xu\u1ea5t th\u1ea5pD\u1ec5 h\u1ecfng, ch\u1ec9 gi\u1edbi h\u1ea1n \u1edf l\u01b0\u1ee3ng ch\u1ea5t th\u1ea3i r\u1ea5t nh\u1ecf. Kh\u00f4ng th\u1ec3 x\u1eed l\u00fd ch\u1ea5t th\u1ea3i h\u00f3a h\u1ecdc ho\u1eb7c d\u01b0\u1ee3c ph\u1ea9m.<br \/>\n<strong><u><b>Kh\u1eed tr\u00f9ng b\u1eb1ng h\u00f3a ch\u1ea5t<\/b><\/u><\/strong>Nghi\u1ec1n ch\u1ea5t th\u1ea3i v\u00e0 tr\u1ed9n v\u1edbi ch\u1ea5t kh\u1eed tr\u00f9ng h\u00f3a h\u1ecdc.Ch\u1ea5t th\u1ea3i l\u1ecfng, m\u00e1u, d\u1ecbch c\u01a1 th\u1ec3.<strong><u><b>S\u1eed d\u1ee5ng \u1edf m\u1ee9c \u0111\u1ed9 v\u1eeba ph\u1ea3i.<\/b><\/u><\/strong> Ph\u1ed5 bi\u1ebfn cho ch\u1ea5t th\u1ea3i l\u1ecfng v\u00e0 c\u00e1c \u1ee9ng d\u1ee5ng c\u1ee5 th\u1ec3.Hi\u1ec7u qu\u1ea3 \u0111\u1ed1i v\u1edbi ch\u1ea5t th\u1ea3i l\u1ecfng, c\u00f3 th\u1ec3 th\u1ef1c hi\u1ec7n t\u1ea1i ch\u1ed7.C\u1ea7n x\u1eed l\u00fd h\u00f3a ch\u1ea5t, kh\u00f4ng ph\u00f9 h\u1ee3p v\u1edbi t\u1ea5t c\u1ea3 c\u00e1c lo\u1ea1i ch\u1ea5t th\u1ea3i.<strong><u><b>H\u1ed3 quang plasma<\/b><\/u><\/strong>Ng\u1ecdn \u0111u\u1ed1c plasma nhi\u1ec7t \u0111\u1ed9 c\u1ef1c cao l\u00e0m kh\u00ed h\u00f3a ch\u1ea5t th\u1ea3i.T\u1ea5t c\u1ea3 c\u00e1c lo\u1ea1i ch\u1ea5t th\u1ea3i, bao g\u1ed3m c\u1ea3 ch\u1ea5t th\u1ea3i nguy hi\u1ec3m cao.<strong><u><b>S\u1eed d\u1ee5ng chuy\u00ean bi\u1ec7t.<\/b><\/u><\/strong> C\u00f4ng ngh\u1ec7 ti\u00ean ti\u1ebfn nh\u01b0ng\u00a0<strong><u><b>kh\u00f4ng \u0111\u01b0\u1ee3c \u00e1p d\u1ee5ng r\u1ed9ng r\u00e3i<\/b><\/u><\/strong> do chi ph\u00ed \u0111\u1ea7u t\u01b0 ban \u0111\u1ea7u r\u1ea5t cao.L\u01b0\u1ee3ng kh\u00ed th\u1ea3i c\u1ef1c th\u1ea5p, chuy\u1ec3n \u0111\u1ed5i ch\u1ea5t th\u1ea3i th\u00e0nh x\u1ec9 tr\u01a1.Chi ph\u00ed \u0111\u1ea7u t\u01b0 ban \u0111\u1ea7u c\u1ef1c cao, ph\u1ee9c t\u1ea1p trong v\u1eadn h\u00e0nh.<\/p>\n<p>&nbsp;<\/p>\n<p><strong>T\u1ea1i sao c\u00e1c gi\u1ea3i ph\u00e1p thay th\u1ebf l\u1ea1i quan tr\u1ecdng<\/strong><\/p>\n<p>S\u1ee9c kh\u1ecfe &amp; An to\u00e0n: Kh\u00f4ng c\u00f3 dioxin, furan ho\u1eb7c kh\u00ed th\u1ea3i \u0111\u1ed9c h\u1ea1i.<\/p>\n<p>B\u1ea3o v\u1ec7 m\u00f4i tr\u01b0\u1eddng: Gi\u1ea3m \u00f4 nhi\u1ec5m, gi\u1ea3m nguy c\u01a1 \u00f4 nhi\u1ec5m.<\/p>\n<p>Hi\u1ec7u qu\u1ea3 chi ph\u00ed: Chi ph\u00ed v\u1eadn h\u00e0nh v\u00e0 b\u1ea3o tr\u00ec d\u00e0i h\u1ea1n th\u1ea5p h\u01a1n.<\/p>\n<p>Tu\u00e2n th\u1ee7 quy \u0111\u1ecbnh: \u0110\u00e1p \u1ee9ng c\u00e1c ti\u00eau chu\u1ea9n kh\u00ed th\u1ea3i hi\u1ec7n \u0111\u1ea1i nghi\u00eam ng\u1eb7t.<\/p>\n<p><strong><b>T\u00ecm gi\u1ea3i ph\u00e1p x\u1eed l\u00fd ch\u1ea5t th\u1ea3i y t\u1ebf<\/b><\/strong><\/p>\n<p>T\u01b0\u01a1ng lai c\u1ee7a qu\u1ea3n l\u00fd ch\u1ea5t th\u1ea3i y t\u1ebf n\u1eb1m \u1edf c\u00e1c c\u00f4ng ngh\u1ec7 b\u1ec1n v\u1eefng. T\u1ea1i Gient, ch\u00fang t\u00f4i cam k\u1ebft th\u00fac \u0111\u1ea9y c\u00e1c c\u00f4ng ngh\u1ec7 n\u00e0y, \u0111\u1ea3m b\u1ea3o r\u1eb1ng vi\u1ec7c x\u1eed l\u00fd ch\u1ea5t th\u1ea3i y t\u1ebf b\u1ea3o v\u1ec7 con ng\u01b0\u1eddi v\u00e0 h\u00e0nh tinh.<\/p>\n","protected":false},"excerpt":{"rendered":"<p>C\u00f4ng ngh\u1ec7 x\u1eed l\u00fd ch\u1ea5t th\u1ea3i y t\u1ebf C\u00e1c c\u00f4ng ngh\u1ec7 x\u1eed l\u00fd ch\u1ea5t th\u1ea3i y t\u1ebf ch\u1ee7 y\u1ebfu \u0111\u01b0\u1ee3c chia th\u00e0nh hai ph\u01b0\u01a1ng ph\u00e1p: thi\u00eau \u0111\u1ed1t v\u00e0 kh\u00f4ng thi\u00eau \u0111\u1ed1t. Thi\u00eau \u0111\u1ed1t t\u1eebng l\u00e0 l\u1ef1a ch\u1ecdn ch\u1ee7 \u0111\u1ea1o tr\u00ean to\u00e0n th\u1ebf gi\u1edbi v\u00ec n\u00f3 c\u00f3 th\u1ec3 nhanh ch\u00f3ng ti\u00eau di\u1ec7t m\u1ea7m b\u1ec7nh v\u00e0 gi\u1ea3m [&hellip;]<\/p>\n","protected":false},"author":1,"featured_media":8814,"parent":0,"menu_order":0,"comment_status":"closed","ping_status":"closed","template":"template-medical-wasteinci.php","meta":{"_acf_changed":false,"footnotes":""},"class_list":["post-8844","page","type-page","status-publish","has-post-thumbnail","hentry"],"acf":[],"yoast_head":"<!-- This site is optimized with the Yoast SEO Premium plugin v25.6 (Yoast SEO v26.7) - https:\/\/yoast.com\/wordpress\/plugins\/seo\/ -->\n<title>C\u00f4ng ngh\u1ec7 x\u1eed l\u00fd ch\u1ea5t th\u1ea3i y t\u1ebf - GIENT - Medical waste treatment and disposal equipment<\/title>\n<meta name=\"robots\" content=\"noindex, follow, max-snippet:-1, max-image-preview:large, max-video-preview:-1\" \/>\n<meta property=\"og:locale\" content=\"en_US\" \/>\n<meta property=\"og:type\" content=\"article\" \/>\n<meta property=\"og:title\" content=\"C\u00f4ng ngh\u1ec7 x\u1eed l\u00fd ch\u1ea5t th\u1ea3i y t\u1ebf\" \/>\n<meta property=\"og:description\" content=\"C\u00f4ng ngh\u1ec7 x\u1eed l\u00fd ch\u1ea5t th\u1ea3i y t\u1ebf C\u00e1c c\u00f4ng ngh\u1ec7 x\u1eed l\u00fd ch\u1ea5t th\u1ea3i y t\u1ebf ch\u1ee7 y\u1ebfu \u0111\u01b0\u1ee3c chia th\u00e0nh hai ph\u01b0\u01a1ng ph\u00e1p: thi\u00eau \u0111\u1ed1t v\u00e0 kh\u00f4ng thi\u00eau \u0111\u1ed1t. Thi\u00eau \u0111\u1ed1t t\u1eebng l\u00e0 l\u1ef1a ch\u1ecdn ch\u1ee7 \u0111\u1ea1o tr\u00ean to\u00e0n th\u1ebf gi\u1edbi v\u00ec n\u00f3 c\u00f3 th\u1ec3 nhanh ch\u00f3ng ti\u00eau di\u1ec7t m\u1ea7m b\u1ec7nh v\u00e0 gi\u1ea3m [&hellip;]\" \/>\n<meta property=\"og:url\" content=\"https:\/\/skyhawksfusion.com\/gientnew\/vi\/cong-nghe-xu-ly-chat-thai-y-te\/\" \/>\n<meta property=\"og:site_name\" content=\"GIENT - Medical waste treatment and disposal equipment\" \/>\n<meta property=\"article:publisher\" content=\"https:\/\/www.facebook.com\/gient.net\/?fref=ts\" \/>\n<meta property=\"article:modified_time\" content=\"2026-02-10T07:59:26+00:00\" \/>\n<meta property=\"og:image\" content=\"https:\/\/skyhawksfusion.com\/gientnew\/wp-content\/uploads\/2025\/12\/Banner-Know-how-scaled-1.webp\" \/>\n\t<meta property=\"og:image:width\" content=\"2560\" \/>\n\t<meta property=\"og:image:height\" content=\"527\" \/>\n\t<meta property=\"og:image:type\" content=\"image\/webp\" \/>\n<meta name=\"twitter:card\" content=\"summary_large_image\" \/>\n<meta name=\"twitter:site\" content=\"@GientNews\" \/>\n<meta name=\"twitter:label1\" content=\"Est. reading time\" \/>\n\t<meta name=\"twitter:data1\" content=\"6 minutes\" \/>\n<script type=\"application\/ld+json\" class=\"yoast-schema-graph\">{\"@context\":\"https:\/\/schema.org\",\"@graph\":[{\"@type\":\"WebPage\",\"@id\":\"https:\/\/skyhawksfusion.com\/gientnew\/vi\/cong-nghe-xu-ly-chat-thai-y-te\/\",\"url\":\"https:\/\/skyhawksfusion.com\/gientnew\/vi\/cong-nghe-xu-ly-chat-thai-y-te\/\",\"name\":\"C\u00f4ng ngh\u1ec7 x\u1eed l\u00fd ch\u1ea5t th\u1ea3i y t\u1ebf - GIENT - Medical waste treatment and disposal equipment\",\"isPartOf\":{\"@id\":\"https:\/\/skyhawksfusion.com\/gientnew\/#website\"},\"primaryImageOfPage\":{\"@id\":\"https:\/\/skyhawksfusion.com\/gientnew\/vi\/cong-nghe-xu-ly-chat-thai-y-te\/#primaryimage\"},\"image\":{\"@id\":\"https:\/\/skyhawksfusion.com\/gientnew\/vi\/cong-nghe-xu-ly-chat-thai-y-te\/#primaryimage\"},\"thumbnailUrl\":\"https:\/\/skyhawksfusion.com\/gientnew\/wp-content\/uploads\/2025\/12\/Banner-Know-how-scaled-1.webp\",\"datePublished\":\"2025-12-11T08:44:59+00:00\",\"dateModified\":\"2026-02-10T07:59:26+00:00\",\"breadcrumb\":{\"@id\":\"https:\/\/skyhawksfusion.com\/gientnew\/vi\/cong-nghe-xu-ly-chat-thai-y-te\/#breadcrumb\"},\"inLanguage\":\"en-US\",\"potentialAction\":[{\"@type\":\"ReadAction\",\"target\":[\"https:\/\/skyhawksfusion.com\/gientnew\/vi\/cong-nghe-xu-ly-chat-thai-y-te\/\"]}]},{\"@type\":\"ImageObject\",\"inLanguage\":\"en-US\",\"@id\":\"https:\/\/skyhawksfusion.com\/gientnew\/vi\/cong-nghe-xu-ly-chat-thai-y-te\/#primaryimage\",\"url\":\"https:\/\/skyhawksfusion.com\/gientnew\/wp-content\/uploads\/2025\/12\/Banner-Know-how-scaled-1.webp\",\"contentUrl\":\"https:\/\/skyhawksfusion.com\/gientnew\/wp-content\/uploads\/2025\/12\/Banner-Know-how-scaled-1.webp\",\"width\":2560,\"height\":527},{\"@type\":\"BreadcrumbList\",\"@id\":\"https:\/\/skyhawksfusion.com\/gientnew\/vi\/cong-nghe-xu-ly-chat-thai-y-te\/#breadcrumb\",\"itemListElement\":[{\"@type\":\"ListItem\",\"position\":1,\"name\":\"Home\",\"item\":\"https:\/\/skyhawksfusion.com\/gientnew\/\"},{\"@type\":\"ListItem\",\"position\":2,\"name\":\"C\u00f4ng ngh\u1ec7 x\u1eed l\u00fd ch\u1ea5t th\u1ea3i y t\u1ebf\"}]},{\"@type\":\"WebSite\",\"@id\":\"https:\/\/skyhawksfusion.com\/gientnew\/#website\",\"url\":\"https:\/\/skyhawksfusion.com\/gientnew\/\",\"name\":\"GIENT - Medical waste treatment and disposal equipment\",\"description\":\"medical waste treatment, medical waste disposal, medical waste autoclave\",\"potentialAction\":[{\"@type\":\"SearchAction\",\"target\":{\"@type\":\"EntryPoint\",\"urlTemplate\":\"https:\/\/skyhawksfusion.com\/gientnew\/?s={search_term_string}\"},\"query-input\":{\"@type\":\"PropertyValueSpecification\",\"valueRequired\":true,\"valueName\":\"search_term_string\"}}],\"inLanguage\":\"en-US\"}]}<\/script>\n<!-- \/ Yoast SEO Premium plugin. -->","yoast_head_json":{"title":"C\u00f4ng ngh\u1ec7 x\u1eed l\u00fd ch\u1ea5t th\u1ea3i y t\u1ebf - GIENT - Medical waste treatment and disposal equipment","robots":{"index":"noindex","follow":"follow","max-snippet":"max-snippet:-1","max-image-preview":"max-image-preview:large","max-video-preview":"max-video-preview:-1"},"og_locale":"en_US","og_type":"article","og_title":"C\u00f4ng ngh\u1ec7 x\u1eed l\u00fd ch\u1ea5t th\u1ea3i y t\u1ebf","og_description":"C\u00f4ng ngh\u1ec7 x\u1eed l\u00fd ch\u1ea5t th\u1ea3i y t\u1ebf C\u00e1c c\u00f4ng ngh\u1ec7 x\u1eed l\u00fd ch\u1ea5t th\u1ea3i y t\u1ebf ch\u1ee7 y\u1ebfu \u0111\u01b0\u1ee3c chia th\u00e0nh hai ph\u01b0\u01a1ng ph\u00e1p: thi\u00eau \u0111\u1ed1t v\u00e0 kh\u00f4ng thi\u00eau \u0111\u1ed1t. Thi\u00eau \u0111\u1ed1t t\u1eebng l\u00e0 l\u1ef1a ch\u1ecdn ch\u1ee7 \u0111\u1ea1o tr\u00ean to\u00e0n th\u1ebf gi\u1edbi v\u00ec n\u00f3 c\u00f3 th\u1ec3 nhanh ch\u00f3ng ti\u00eau di\u1ec7t m\u1ea7m b\u1ec7nh v\u00e0 gi\u1ea3m [&hellip;]","og_url":"https:\/\/skyhawksfusion.com\/gientnew\/vi\/cong-nghe-xu-ly-chat-thai-y-te\/","og_site_name":"GIENT - Medical waste treatment and disposal equipment","article_publisher":"https:\/\/www.facebook.com\/gient.net\/?fref=ts","article_modified_time":"2026-02-10T07:59:26+00:00","og_image":[{"width":2560,"height":527,"url":"https:\/\/skyhawksfusion.com\/gientnew\/wp-content\/uploads\/2025\/12\/Banner-Know-how-scaled-1.webp","type":"image\/webp"}],"twitter_card":"summary_large_image","twitter_site":"@GientNews","twitter_misc":{"Est. reading time":"6 minutes"},"schema":{"@context":"https:\/\/schema.org","@graph":[{"@type":"WebPage","@id":"https:\/\/skyhawksfusion.com\/gientnew\/vi\/cong-nghe-xu-ly-chat-thai-y-te\/","url":"https:\/\/skyhawksfusion.com\/gientnew\/vi\/cong-nghe-xu-ly-chat-thai-y-te\/","name":"C\u00f4ng ngh\u1ec7 x\u1eed l\u00fd ch\u1ea5t th\u1ea3i y t\u1ebf - GIENT - Medical waste treatment and disposal equipment","isPartOf":{"@id":"https:\/\/skyhawksfusion.com\/gientnew\/#website"},"primaryImageOfPage":{"@id":"https:\/\/skyhawksfusion.com\/gientnew\/vi\/cong-nghe-xu-ly-chat-thai-y-te\/#primaryimage"},"image":{"@id":"https:\/\/skyhawksfusion.com\/gientnew\/vi\/cong-nghe-xu-ly-chat-thai-y-te\/#primaryimage"},"thumbnailUrl":"https:\/\/skyhawksfusion.com\/gientnew\/wp-content\/uploads\/2025\/12\/Banner-Know-how-scaled-1.webp","datePublished":"2025-12-11T08:44:59+00:00","dateModified":"2026-02-10T07:59:26+00:00","breadcrumb":{"@id":"https:\/\/skyhawksfusion.com\/gientnew\/vi\/cong-nghe-xu-ly-chat-thai-y-te\/#breadcrumb"},"inLanguage":"en-US","potentialAction":[{"@type":"ReadAction","target":["https:\/\/skyhawksfusion.com\/gientnew\/vi\/cong-nghe-xu-ly-chat-thai-y-te\/"]}]},{"@type":"ImageObject","inLanguage":"en-US","@id":"https:\/\/skyhawksfusion.com\/gientnew\/vi\/cong-nghe-xu-ly-chat-thai-y-te\/#primaryimage","url":"https:\/\/skyhawksfusion.com\/gientnew\/wp-content\/uploads\/2025\/12\/Banner-Know-how-scaled-1.webp","contentUrl":"https:\/\/skyhawksfusion.com\/gientnew\/wp-content\/uploads\/2025\/12\/Banner-Know-how-scaled-1.webp","width":2560,"height":527},{"@type":"BreadcrumbList","@id":"https:\/\/skyhawksfusion.com\/gientnew\/vi\/cong-nghe-xu-ly-chat-thai-y-te\/#breadcrumb","itemListElement":[{"@type":"ListItem","position":1,"name":"Home","item":"https:\/\/skyhawksfusion.com\/gientnew\/"},{"@type":"ListItem","position":2,"name":"C\u00f4ng ngh\u1ec7 x\u1eed l\u00fd ch\u1ea5t th\u1ea3i y t\u1ebf"}]},{"@type":"WebSite","@id":"https:\/\/skyhawksfusion.com\/gientnew\/#website","url":"https:\/\/skyhawksfusion.com\/gientnew\/","name":"GIENT - Medical waste treatment and disposal equipment","description":"medical waste treatment, medical waste disposal, medical waste autoclave","potentialAction":[{"@type":"SearchAction","target":{"@type":"EntryPoint","urlTemplate":"https:\/\/skyhawksfusion.com\/gientnew\/?s={search_term_string}"},"query-input":{"@type":"PropertyValueSpecification","valueRequired":true,"valueName":"search_term_string"}}],"inLanguage":"en-US"}]}},"_links":{"self":[{"href":"https:\/\/skyhawksfusion.com\/gientnew\/wp-json\/wp\/v2\/pages\/8844","targetHints":{"allow":["GET"]}}],"collection":[{"href":"https:\/\/skyhawksfusion.com\/gientnew\/wp-json\/wp\/v2\/pages"}],"about":[{"href":"https:\/\/skyhawksfusion.com\/gientnew\/wp-json\/wp\/v2\/types\/page"}],"author":[{"embeddable":true,"href":"https:\/\/skyhawksfusion.com\/gientnew\/wp-json\/wp\/v2\/users\/1"}],"replies":[{"embeddable":true,"href":"https:\/\/skyhawksfusion.com\/gientnew\/wp-json\/wp\/v2\/comments?post=8844"}],"version-history":[{"count":4,"href":"https:\/\/skyhawksfusion.com\/gientnew\/wp-json\/wp\/v2\/pages\/8844\/revisions"}],"predecessor-version":[{"id":9016,"href":"https:\/\/skyhawksfusion.com\/gientnew\/wp-json\/wp\/v2\/pages\/8844\/revisions\/9016"}],"wp:featuredmedia":[{"embeddable":true,"href":"https:\/\/skyhawksfusion.com\/gientnew\/wp-json\/wp\/v2\/media\/8814"}],"wp:attachment":[{"href":"https:\/\/skyhawksfusion.com\/gientnew\/wp-json\/wp\/v2\/media?parent=8844"}],"curies":[{"name":"wp","href":"https:\/\/api.w.org\/{rel}","templated":true}]}}