{"id":8826,"date":"2025-12-11T08:22:45","date_gmt":"2025-12-11T08:22:45","guid":{"rendered":"https:\/\/skyhawksfusion.com\/gientnew\/?page_id=8826"},"modified":"2025-12-11T08:47:21","modified_gmt":"2025-12-11T08:47:21","slug":"incineracion-de-residuos-medicos-y-emision-de-dioxinas","status":"publish","type":"page","link":"https:\/\/skyhawksfusion.com\/gientnew\/es\/incineracion-de-residuos-medicos-y-emision-de-dioxinas\/","title":{"rendered":"Incineraci\u00f3n de residuos m\u00e9dicos y emisi\u00f3n de dioxinas"},"content":{"rendered":"<p><img decoding=\"async\" class=\"x-img x-img-none\" src=\"https:\/\/www.gient.net\/wp-content\/uploads\/2025\/10\/Medical-Waste-Incineration.jpg\" \/><\/p>\n<h2 class=\"h-custom-headline cs-ta-left h2\">Incineraci\u00f3n de residuos m\u00e9dicos y emisi\u00f3n de dioxinas<\/h2>\n<p>La gesti\u00f3n adecuada de los residuos m\u00e9dicos es fundamental para salvaguardar tanto la salud p\u00fablica como el medio ambiente. Si bien la incineraci\u00f3n se ha utilizado durante d\u00e9cadas como m\u00e9todo principal de eliminaci\u00f3n en todo el mundo, tambi\u00e9n conlleva graves riesgos. Cuando no se dise\u00f1a ni se opera correctamente, la incineraci\u00f3n de residuos m\u00e9dicos es una de las principales fuentes de generaci\u00f3n de subproductos invisibles pero extremadamente peligrosos, entre los que destacan las dioxinas y los furanos, que se encuentran entre los compuestos m\u00e1s t\u00f3xicos conocidos. <img loading=\"lazy\" decoding=\"async\" class=\" wp-image-8361 alignright\" src=\"https:\/\/www.gient.net\/wp-content\/uploads\/2025\/10\/Picture2-300x186.png\" sizes=\"auto, (max-width: 242px) 100vw, 242px\" srcset=\"https:\/\/www.gient.net\/wp-content\/uploads\/2025\/10\/Picture2-300x186.png 300w, https:\/\/www.gient.net\/wp-content\/uploads\/2025\/10\/Picture2-1024x636.png 1024w, https:\/\/www.gient.net\/wp-content\/uploads\/2025\/10\/Picture2-768x477.png 768w, https:\/\/www.gient.net\/wp-content\/uploads\/2025\/10\/Picture2-100x62.png 100w, https:\/\/www.gient.net\/wp-content\/uploads\/2025\/10\/Picture2-1000x621.png 1000w, https:\/\/www.gient.net\/wp-content\/uploads\/2025\/10\/Picture2.png 1092w\" alt=\"\" width=\"242\" height=\"150\" \/><\/p>\n<p><strong><b>\u00bfQu\u00e9 son las dioxinas?<\/b><\/strong><\/p>\n<p>Las \u201cdioxinas\u201d son un grupo de compuestos qu\u00edmicamente relacionados:<\/p>\n<ul>\n<li>Dibenzo-p-dioxinas policloradas (PCDD) y<\/li>\n<li>Dibenzofuranos policlorados (PCDF).<\/li>\n<\/ul>\n<p>clasificados como contaminantes org\u00e1nicos persistentes (COP) que se producen de forma no intencionada durante la incineraci\u00f3n de residuos que contienen cloro<br \/>\n(por ejemplo, pl\u00e1sticos de PVC). Son incoloros, inodoros y altamente t\u00f3xicos incluso en niveles m\u00ednimos.<img loading=\"lazy\" decoding=\"async\" class=\" wp-image-8360 alignright\" src=\"https:\/\/www.gient.net\/wp-content\/uploads\/2025\/10\/Picture3-300x192.png\" sizes=\"auto, (max-width: 211px) 100vw, 211px\" srcset=\"https:\/\/www.gient.net\/wp-content\/uploads\/2025\/10\/Picture3-300x192.png 300w, https:\/\/www.gient.net\/wp-content\/uploads\/2025\/10\/Picture3-1024x654.png 1024w, https:\/\/www.gient.net\/wp-content\/uploads\/2025\/10\/Picture3-768x490.png 768w, https:\/\/www.gient.net\/wp-content\/uploads\/2025\/10\/Picture3-100x64.png 100w, https:\/\/www.gient.net\/wp-content\/uploads\/2025\/10\/Picture3-1000x638.png 1000w, https:\/\/www.gient.net\/wp-content\/uploads\/2025\/10\/Picture3.png 1062w\" alt=\"\" width=\"211\" height=\"135\" \/><\/p>\n<ul>\n<li><b><\/b><strong><b>Altamente t\u00f3xicos:<\/b><\/strong> Se sabe que causan c\u00e1ncer, problemas reproductivos y del desarrollo, y da\u00f1os al sistema inmunol\u00f3gico.<\/li>\n<li><b><\/b><strong><b>Persistentes:<\/b><\/strong> Permanecen en el medio ambiente durante a\u00f1os.<\/li>\n<li><b><\/b><strong><b>Bioacumulativos:<\/b><\/strong> Se acumulan en la cadena alimentaria, especialmente en las grasas animales.<\/li>\n<\/ul>\n<p>Incluso peque\u00f1as cantidades de exposici\u00f3n a dioxinas pueden tener importantes repercusiones en la salud. La Organizaci\u00f3n Mundial de la Salud ha incluido las dioxinas entre los contaminantes ambientales m\u00e1s peligrosos. <strong>\u00bfC\u00f3mo se forman las dioxinas?<\/strong><\/p>\n<p>Las dioxinas son subproductos no deseados que se forman durante los procesos de combusti\u00f3n que involucran cloro y ox\u00edgeno a ciertas temperaturas. Su formaci\u00f3n en los incineradores de residuos m\u00e9dicos es un proceso qu\u00edmico complejo, pero se puede resumir en tres requisitos clave:<\/p>\n<ol>\n<li>Requisitos necesarios<\/li>\n<\/ol>\n<p>Para la formaci\u00f3n de dioxinas, deben estar presentes tres elementos b\u00e1sicos:<\/p>\n<ul>\n<li><b><\/b><strong><b>Cloro:<\/b><\/strong>de PVC, desinfectantes clorados, residuos salinos, etc. Sin cloro, pr\u00e1cticamente no se forman dioxinas.<\/li>\n<li><b><\/b><strong><b>Ox\u00edgeno:<\/b><\/strong>F\u00e1cilmente disponible en el aire utilizado para la combusti\u00f3n.<\/li>\n<li><b><\/b><strong><b>Rango de temperatura:<\/b><\/strong><strong><b>Las dioxinas se forman considerablemente en el rango de temperatura de 300 a 500 \u00b0C. En el horno caliente (normalmente por encima de 850 \u00b0C), los compuestos de cloro y carbono se descomponen. Sin embargo, durante el <strong><b>enfriamiento<\/b><\/strong>, atraviesan este rango cr\u00edtico de temperatura. Aqu\u00ed es donde se produce la formaci\u00f3n m\u00e1s significativa de dioxinas.<\/b><\/strong><\/li>\n<\/ul>\n<p><img loading=\"lazy\" decoding=\"async\" class=\"alignnone size-medium wp-image-8349\" src=\"https:\/\/www.gient.net\/wp-content\/uploads\/2025\/10\/Picture1-300x208.png\" sizes=\"auto, (max-width: 300px) 100vw, 300px\" srcset=\"https:\/\/www.gient.net\/wp-content\/uploads\/2025\/10\/Picture1-300x208.png 300w, https:\/\/www.gient.net\/wp-content\/uploads\/2025\/10\/Picture1-100x69.png 100w, https:\/\/www.gient.net\/wp-content\/uploads\/2025\/10\/Picture1.png 510w\" alt=\"\" width=\"300\" height=\"208\" \/><\/p>\n<p>Fuente: Tasas relativas de formaci\u00f3n de dioxinas (en relaci\u00f3n con el caso de 400 \u00b0C) a diferentes temperaturas de los gases de combusti\u00f3n (McKay, 2001).<\/p>\n<p><strong><b>\u00bfPor qu\u00e9 la incineraci\u00f3n de residuos m\u00e9dicos genera dioxinas?<\/b><\/strong><\/p>\n<p>Los residuos m\u00e9dicos suelen cumplir una gran cantidad de todos estos requisitos para generar dioxinas:<\/p>\n<ul>\n<li>Una proporci\u00f3n significativa de pl\u00e1sticos, desinfectantes y Residuos qu\u00edmicos.<\/li>\n<li>Presencia de ox\u00edgeno.<\/li>\n<li>En incineradores que no alcanzan ni mantienen las altas temperaturas necesarias (850\u20131100 \u00b0C) o carecen de sistemas adecuados de depuraci\u00f3n de gases de combusti\u00f3n, la combusti\u00f3n es incompleta. Esto crea un escenario ideal para la generaci\u00f3n de dioxinas.<\/li>\n<\/ul>\n<p>Una vez emitidas, las dioxinas se dispersan en el aire, se depositan en el suelo y la vegetaci\u00f3n, y finalmente entran en la cadena alimentaria. A diferencia de muchos contaminantes, no se degradan f\u00e1cilmente, lo que convierte incluso peque\u00f1as liberaciones en un problema ambiental y de salud p\u00fablica a largo plazo.<strong><b>\u00a0<\/b><\/strong><\/p>\n<p><strong><b>Diferentes tipos de incineraci\u00f3n utilizados<\/b><\/strong><\/p>\n<ol>\n<li><strong><b>Quema a cielo abierto<\/b><\/strong><\/li>\n<\/ol>\n<ul>\n<li>Se lleva a cabo en fosas o c\u00e1maras rudimentarias sin control de emisiones.<\/li>\n<li>Quema incompleta y a temperatura limitada. Produce grandes cantidades de humo, part\u00edculas t\u00f3xicas y niveles extremadamente altos de dioxinas.<\/li>\n<li>A\u00fan se practica en regiones de escasos recursos, pero se considera el m\u00e9todo m\u00e1s peligroso y obsoleto.<\/li>\n<\/ul>\n<ol start=\"2\">\n<li><b><\/b><strong><b>Peque\u00f1os incineradores<\/b><\/strong><\/li>\n<\/ol>\n<ul>\n<li>Utilizados por peque\u00f1os hospitales o cl\u00ednicas rurales.<\/li>\n<li>A menudo operan a temperaturas insuficientes e inestables.<\/li>\n<li>Sistemas de tratamiento de gases limitados o inexistentes.<\/li>\n<li>Aparentan estar controlados, pero pueden ser fuentes peligrosas de emisiones de dioxinas si no se dise\u00f1an seg\u00fan las normas internacionales.<\/li>\n<\/ul>\n<ol start=\"3\">\n<li><b><\/b><strong><b>Incineradores a gran escala<\/b><\/strong><b><\/b><\/li>\n<\/ol>\n<p>\u2013 Horno rotatorio, gasificador (denominado pir\u00f3lisis) Incineradores ocasionales)<\/p>\n<ul>\n<li>Las instalaciones industriales bien dise\u00f1adas con un tratamiento avanzado y complejo de gases de combusti\u00f3n que procesan grandes vol\u00famenes de desechos m\u00e9dicos pueden reducir significativamente los riesgos.<\/li>\n<li>Es necesario un control operativo estricto y que las instalaciones cuenten con un buen mantenimiento por parte de un equipo de operaci\u00f3n profesional.<\/li>\n<li>El alto costo de operaci\u00f3n y mantenimiento para cumplir con las normas internacionales de emisiones.<\/li>\n<li>Aunque los sistemas a gran escala emiten niveles nocivos de contaminantes y dejan cenizas t\u00f3xicas.<\/li>\n<\/ul>\n<p><strong><b>Emisi\u00f3n de dioxinas por la incineraci\u00f3n de desechos m\u00e9dicos<\/b><\/strong><\/p>\n<p>Las Directrices de la OMS\/PNUMA sobre las mejores t\u00e9cnicas disponibles y las mejores pr\u00e1cticas ambientales (2006) \u2192 recomiendan el mismo l\u00edmite de <strong><b>0,1 ng EQT\/Nm\u00b3<\/b><\/strong> para la incineraci\u00f3n de desechos m\u00e9dicos y peligrosos.<\/p>\n<table>\n<tbody>\n<tr>\n<td><strong><b>Tecnolog\u00eda<\/b><\/strong><\/td>\n<td><strong><b>Caracter\u00edsticas operativas t\u00edpicas<\/b><\/strong><\/td>\n<td><strong><b>Emisi\u00f3n de dioxinas reportada (ng TEQ\/Nm\u00b3)<\/b><\/strong><strong><b>*<\/b><\/strong><\/td>\n<td><strong><b>Cumplimiento con la norma internacional (\u22640,1 ng TEQ\/Nm\u00b3*)<\/b><\/strong><\/td>\n<\/tr>\n<tr>\n<td>Quema a cielo abierto (Combusti\u00f3n directa)<\/td>\n<td>Residuos quemados en fosas abiertas o c\u00e1maras rudimentarias, sin control, sin postquemador<\/td>\n<td>M\u00e1s de 4.000<\/td>\n<td>\u274c Supera la norma en miles de veces<\/td>\n<\/tr>\n<tr>\n<td>Incineradores a peque\u00f1a escala<\/td>\n<td>Utilizando temperaturas suficientes, postquemadores y otras caracter\u00edsticas<\/td>\n<td>10 \u2013 500<\/td>\n<td>\u274c Puede ser 5.000 veces superior al l\u00edmite.<\/p>\n<p>Depende del correcto funcionamiento y mantenimiento<\/td>\n<\/tr>\n<tr>\n<td>Incineradores a gran escala (con controles de contaminaci\u00f3n)<\/td>\n<td>Combusti\u00f3n en dos etapas a &gt;850\u20131.100 \u00b0C, tratamiento de gases de combusti\u00f3n<\/td>\n<td>0,1 \u2013 1,0<\/td>\n<td>\u26a0\ufe0f A veces cumple, a menudo supera el l\u00edmite<\/td>\n<\/tr>\n<tr>\n<td>Incineradores de \u00faltima generaci\u00f3n (Mejor Tecnolog\u00eda Disponible, MTD)<\/td>\n<td>Combusti\u00f3n a alta temperatura + enfriamiento r\u00e1pido + limpieza de gases de combusti\u00f3n en m\u00faltiples etapas (filtros de mangas, carb\u00f3n activado, lavadores de gases)<\/td>\n<td>\u22640,1<\/td>\n<td>\u2714 Por debajo de 0,1 ng TEQ\/Nm\u00b3<\/p>\n<p>Coste de operaci\u00f3n y mantenimiento significativamente alto<\/td>\n<\/tr>\n<\/tbody>\n<\/table>\n<p>Fuente: Conclusiones de una evaluaci\u00f3n de incineradores a peque\u00f1a escala para residuos sanitarios \u2013 OMS<\/p>\n<p><strong><b>La alternativa: Tecnolog\u00edas de tratamiento sin incineraci\u00f3n<\/b><\/strong><\/p>\n<p>Dados los graves riesgos para la salud y el medio ambiente asociados con la incineraci\u00f3n, muchos pa\u00edses han optado por m\u00e9todos m\u00e1s limpios y sostenibles para la gesti\u00f3n de residuos m\u00e9dicos. Estas tecnolog\u00edas neutralizan los pat\u00f3genos sin generar dioxinas ni otros contaminantes atmosf\u00e9ricos peligrosos, lo que las hace m\u00e1s seguras tanto para las comunidades como para el medio ambiente. <strong><b>Autoclavado (Esterilizaci\u00f3n por vapor)<\/b><\/strong><\/p>\n<ul>\n<li>Utiliza vapor a alta temperatura y presi\u00f3n para esterilizar los residuos m\u00e9dicos, eliminando eficazmente todos los microorganismos, incluidos los pat\u00f3genos resistentes.<\/li>\n<li>No genera dioxinas ni furanos, lo que lo convierte en una alternativa mucho m\u00e1s segura.<\/li>\n<li>Produce emisiones insignificantes y es altamente rentable en comparaci\u00f3n con las tecnolog\u00edas de incineraci\u00f3n de \u00faltima generaci\u00f3n.<\/li>\n<li>Es el m\u00e9todo de esterilizaci\u00f3n m\u00e1s seguro y probado a lo largo de d\u00e9cadas en la historia de la humanidad.<\/li>\n<\/ul>\n<p><strong>El caso de Estados Unidos: De 6.000 incineradores a autoclaves<\/strong><br \/>\nEn la d\u00e9cada de 1990, Estados Unidos operaba aproximadamente 6.000 incineradores de residuos m\u00e9dicos. Sin embargo, la implementaci\u00f3n de las <strong>Enmiendas a la Ley de Aire Limpio de 1990<\/strong> y las posteriores <strong>regulaciones de la EPA de 1997 sobre incineradores de residuos hospitalarios\/m\u00e9dicos\/infecciosos (HMIWI)<\/strong> cambiaron dr\u00e1sticamente este panorama. Una vez que se implementaron l\u00edmites estrictos de emisi\u00f3n de dioxinas y requisitos de monitoreo, muchos incineradores se cerraron o se reemplazaron por m\u00e9todos de tratamiento m\u00e1s seguros. Despu\u00e9s de a\u00f1os de evaluaci\u00f3n tecnol\u00f3gica, <strong>el autoclavado de alto vac\u00edo surgi\u00f3 como la soluci\u00f3n dominante<\/strong>. Hoy en d\u00eda, m\u00e1s del 90% de los residuos m\u00e9dicos en Estados Unidos se tratan mediante autoclavado.<\/p>\n<p><strong>Otras alternativas sin combusti\u00f3n<\/strong><\/p>\n<p><strong>Desinfecci\u00f3n por microondas<\/strong>: Utiliza energ\u00eda de microondas para calentar y desinfectar los residuos. El costo de producci\u00f3n es relativamente bajo y se utiliza principalmente en equipos peque\u00f1os con bajos requisitos de desinfecci\u00f3n, y rara vez se utiliza en plantas de tratamiento centralizadas o proyectos de gran capacidad.<\/p>\n<p><strong>Desinfecci\u00f3n qu\u00edmica<\/strong>: Emplea agentes qu\u00edmicos (por ejemplo, compuestos de cloro) para inactivar los pat\u00f3genos. El costo es muy bajo, pero debido al problema de la contaminaci\u00f3n secundaria, rara vez se utiliza en la actualidad.<\/p>\n<p><strong>Tratamiento t\u00e9rmico (sin incineraci\u00f3n)<\/strong>: M\u00e9todos de alta temperatura como el calor por fricci\u00f3n, con una aplicaci\u00f3n muy limitada, baja capacidad y bajos requisitos de desinfecci\u00f3n.<\/p>\n<p><strong><b>Un camino m\u00e1s seguro<\/b><\/strong><\/p>\n<p>En <strong><b>Gient<\/b><\/strong>, nos comprometemos a proporcionar soluciones de tratamiento de residuos m\u00e9dicos seguras y ambientalmente responsables que eliminen los peligros de las dioxinas y otras emisiones t\u00f3xicas. <a href=\"https:\/\/www.gient.net\/contact-us\/\"><u>Cont\u00e1ctenos ahora para obtener soluciones para la gesti\u00f3n de residuos m\u00e9dicos.<\/u><\/a><\/p>\n","protected":false},"excerpt":{"rendered":"<p>Incineraci\u00f3n de residuos m\u00e9dicos y emisi\u00f3n de dioxinas La gesti\u00f3n adecuada de los residuos m\u00e9dicos es fundamental para salvaguardar tanto la salud p\u00fablica como el medio ambiente. Si bien la incineraci\u00f3n se ha utilizado durante d\u00e9cadas como m\u00e9todo principal de eliminaci\u00f3n en todo el mundo, tambi\u00e9n conlleva graves riesgos. Cuando no se dise\u00f1a ni se [&hellip;]<\/p>\n","protected":false},"author":1,"featured_media":0,"parent":0,"menu_order":0,"comment_status":"closed","ping_status":"closed","template":"template-medical-wasteinci.php","meta":{"_acf_changed":false,"footnotes":""},"class_list":["post-8826","page","type-page","status-publish","hentry"],"acf":[],"yoast_head":"<!-- This site is optimized with the Yoast SEO Premium plugin v25.6 (Yoast SEO v26.7) - https:\/\/yoast.com\/wordpress\/plugins\/seo\/ -->\n<title>Incineraci\u00f3n de residuos m\u00e9dicos y emisi\u00f3n de dioxinas - GIENT - Medical waste treatment and disposal equipment<\/title>\n<meta name=\"robots\" content=\"noindex, follow, max-snippet:-1, max-image-preview:large, max-video-preview:-1\" \/>\n<meta property=\"og:locale\" content=\"en_US\" \/>\n<meta property=\"og:type\" content=\"article\" \/>\n<meta property=\"og:title\" content=\"Incineraci\u00f3n de residuos m\u00e9dicos y emisi\u00f3n de dioxinas\" \/>\n<meta property=\"og:description\" content=\"Incineraci\u00f3n de residuos m\u00e9dicos y emisi\u00f3n de dioxinas La gesti\u00f3n adecuada de los residuos m\u00e9dicos es fundamental para salvaguardar tanto la salud p\u00fablica como el medio ambiente. Si bien la incineraci\u00f3n se ha utilizado durante d\u00e9cadas como m\u00e9todo principal de eliminaci\u00f3n en todo el mundo, tambi\u00e9n conlleva graves riesgos. Cuando no se dise\u00f1a ni se [&hellip;]\" \/>\n<meta property=\"og:url\" content=\"https:\/\/skyhawksfusion.com\/gientnew\/es\/incineracion-de-residuos-medicos-y-emision-de-dioxinas\/\" \/>\n<meta property=\"og:site_name\" content=\"GIENT - Medical waste treatment and disposal equipment\" \/>\n<meta property=\"article:publisher\" content=\"https:\/\/www.facebook.com\/gient.net\/?fref=ts\" \/>\n<meta property=\"article:modified_time\" content=\"2025-12-11T08:47:21+00:00\" \/>\n<meta property=\"og:image\" content=\"https:\/\/www.gient.net\/wp-content\/uploads\/2025\/10\/Medical-Waste-Incineration.jpg\" \/>\n<meta name=\"twitter:card\" content=\"summary_large_image\" \/>\n<meta name=\"twitter:site\" content=\"@GientNews\" \/>\n<meta name=\"twitter:label1\" content=\"Est. reading time\" \/>\n\t<meta name=\"twitter:data1\" content=\"7 minutes\" \/>\n<script type=\"application\/ld+json\" class=\"yoast-schema-graph\">{\"@context\":\"https:\/\/schema.org\",\"@graph\":[{\"@type\":\"WebPage\",\"@id\":\"https:\/\/skyhawksfusion.com\/gientnew\/es\/incineracion-de-residuos-medicos-y-emision-de-dioxinas\/\",\"url\":\"https:\/\/skyhawksfusion.com\/gientnew\/es\/incineracion-de-residuos-medicos-y-emision-de-dioxinas\/\",\"name\":\"Incineraci\u00f3n de residuos m\u00e9dicos y emisi\u00f3n de dioxinas - GIENT - Medical waste treatment and disposal equipment\",\"isPartOf\":{\"@id\":\"https:\/\/skyhawksfusion.com\/gientnew\/#website\"},\"primaryImageOfPage\":{\"@id\":\"https:\/\/skyhawksfusion.com\/gientnew\/es\/incineracion-de-residuos-medicos-y-emision-de-dioxinas\/#primaryimage\"},\"image\":{\"@id\":\"https:\/\/skyhawksfusion.com\/gientnew\/es\/incineracion-de-residuos-medicos-y-emision-de-dioxinas\/#primaryimage\"},\"thumbnailUrl\":\"https:\/\/www.gient.net\/wp-content\/uploads\/2025\/10\/Medical-Waste-Incineration.jpg\",\"datePublished\":\"2025-12-11T08:22:45+00:00\",\"dateModified\":\"2025-12-11T08:47:21+00:00\",\"breadcrumb\":{\"@id\":\"https:\/\/skyhawksfusion.com\/gientnew\/es\/incineracion-de-residuos-medicos-y-emision-de-dioxinas\/#breadcrumb\"},\"inLanguage\":\"en-US\",\"potentialAction\":[{\"@type\":\"ReadAction\",\"target\":[\"https:\/\/skyhawksfusion.com\/gientnew\/es\/incineracion-de-residuos-medicos-y-emision-de-dioxinas\/\"]}]},{\"@type\":\"ImageObject\",\"inLanguage\":\"en-US\",\"@id\":\"https:\/\/skyhawksfusion.com\/gientnew\/es\/incineracion-de-residuos-medicos-y-emision-de-dioxinas\/#primaryimage\",\"url\":\"https:\/\/www.gient.net\/wp-content\/uploads\/2025\/10\/Medical-Waste-Incineration.jpg\",\"contentUrl\":\"https:\/\/www.gient.net\/wp-content\/uploads\/2025\/10\/Medical-Waste-Incineration.jpg\"},{\"@type\":\"BreadcrumbList\",\"@id\":\"https:\/\/skyhawksfusion.com\/gientnew\/es\/incineracion-de-residuos-medicos-y-emision-de-dioxinas\/#breadcrumb\",\"itemListElement\":[{\"@type\":\"ListItem\",\"position\":1,\"name\":\"Home\",\"item\":\"https:\/\/skyhawksfusion.com\/gientnew\/\"},{\"@type\":\"ListItem\",\"position\":2,\"name\":\"Incineraci\u00f3n de residuos m\u00e9dicos y emisi\u00f3n de dioxinas\"}]},{\"@type\":\"WebSite\",\"@id\":\"https:\/\/skyhawksfusion.com\/gientnew\/#website\",\"url\":\"https:\/\/skyhawksfusion.com\/gientnew\/\",\"name\":\"GIENT - Medical waste treatment and disposal equipment\",\"description\":\"medical waste treatment, medical waste disposal, medical waste autoclave\",\"potentialAction\":[{\"@type\":\"SearchAction\",\"target\":{\"@type\":\"EntryPoint\",\"urlTemplate\":\"https:\/\/skyhawksfusion.com\/gientnew\/?s={search_term_string}\"},\"query-input\":{\"@type\":\"PropertyValueSpecification\",\"valueRequired\":true,\"valueName\":\"search_term_string\"}}],\"inLanguage\":\"en-US\"}]}<\/script>\n<!-- \/ Yoast SEO Premium plugin. -->","yoast_head_json":{"title":"Incineraci\u00f3n de residuos m\u00e9dicos y emisi\u00f3n de dioxinas - GIENT - Medical waste treatment and disposal equipment","robots":{"index":"noindex","follow":"follow","max-snippet":"max-snippet:-1","max-image-preview":"max-image-preview:large","max-video-preview":"max-video-preview:-1"},"og_locale":"en_US","og_type":"article","og_title":"Incineraci\u00f3n de residuos m\u00e9dicos y emisi\u00f3n de dioxinas","og_description":"Incineraci\u00f3n de residuos m\u00e9dicos y emisi\u00f3n de dioxinas La gesti\u00f3n adecuada de los residuos m\u00e9dicos es fundamental para salvaguardar tanto la salud p\u00fablica como el medio ambiente. Si bien la incineraci\u00f3n se ha utilizado durante d\u00e9cadas como m\u00e9todo principal de eliminaci\u00f3n en todo el mundo, tambi\u00e9n conlleva graves riesgos. Cuando no se dise\u00f1a ni se [&hellip;]","og_url":"https:\/\/skyhawksfusion.com\/gientnew\/es\/incineracion-de-residuos-medicos-y-emision-de-dioxinas\/","og_site_name":"GIENT - Medical waste treatment and disposal equipment","article_publisher":"https:\/\/www.facebook.com\/gient.net\/?fref=ts","article_modified_time":"2025-12-11T08:47:21+00:00","og_image":[{"url":"https:\/\/www.gient.net\/wp-content\/uploads\/2025\/10\/Medical-Waste-Incineration.jpg","type":"","width":"","height":""}],"twitter_card":"summary_large_image","twitter_site":"@GientNews","twitter_misc":{"Est. reading time":"7 minutes"},"schema":{"@context":"https:\/\/schema.org","@graph":[{"@type":"WebPage","@id":"https:\/\/skyhawksfusion.com\/gientnew\/es\/incineracion-de-residuos-medicos-y-emision-de-dioxinas\/","url":"https:\/\/skyhawksfusion.com\/gientnew\/es\/incineracion-de-residuos-medicos-y-emision-de-dioxinas\/","name":"Incineraci\u00f3n de residuos m\u00e9dicos y emisi\u00f3n de dioxinas - GIENT - Medical waste treatment and disposal equipment","isPartOf":{"@id":"https:\/\/skyhawksfusion.com\/gientnew\/#website"},"primaryImageOfPage":{"@id":"https:\/\/skyhawksfusion.com\/gientnew\/es\/incineracion-de-residuos-medicos-y-emision-de-dioxinas\/#primaryimage"},"image":{"@id":"https:\/\/skyhawksfusion.com\/gientnew\/es\/incineracion-de-residuos-medicos-y-emision-de-dioxinas\/#primaryimage"},"thumbnailUrl":"https:\/\/www.gient.net\/wp-content\/uploads\/2025\/10\/Medical-Waste-Incineration.jpg","datePublished":"2025-12-11T08:22:45+00:00","dateModified":"2025-12-11T08:47:21+00:00","breadcrumb":{"@id":"https:\/\/skyhawksfusion.com\/gientnew\/es\/incineracion-de-residuos-medicos-y-emision-de-dioxinas\/#breadcrumb"},"inLanguage":"en-US","potentialAction":[{"@type":"ReadAction","target":["https:\/\/skyhawksfusion.com\/gientnew\/es\/incineracion-de-residuos-medicos-y-emision-de-dioxinas\/"]}]},{"@type":"ImageObject","inLanguage":"en-US","@id":"https:\/\/skyhawksfusion.com\/gientnew\/es\/incineracion-de-residuos-medicos-y-emision-de-dioxinas\/#primaryimage","url":"https:\/\/www.gient.net\/wp-content\/uploads\/2025\/10\/Medical-Waste-Incineration.jpg","contentUrl":"https:\/\/www.gient.net\/wp-content\/uploads\/2025\/10\/Medical-Waste-Incineration.jpg"},{"@type":"BreadcrumbList","@id":"https:\/\/skyhawksfusion.com\/gientnew\/es\/incineracion-de-residuos-medicos-y-emision-de-dioxinas\/#breadcrumb","itemListElement":[{"@type":"ListItem","position":1,"name":"Home","item":"https:\/\/skyhawksfusion.com\/gientnew\/"},{"@type":"ListItem","position":2,"name":"Incineraci\u00f3n de residuos m\u00e9dicos y emisi\u00f3n de dioxinas"}]},{"@type":"WebSite","@id":"https:\/\/skyhawksfusion.com\/gientnew\/#website","url":"https:\/\/skyhawksfusion.com\/gientnew\/","name":"GIENT - Medical waste treatment and disposal equipment","description":"medical waste treatment, medical waste disposal, medical waste autoclave","potentialAction":[{"@type":"SearchAction","target":{"@type":"EntryPoint","urlTemplate":"https:\/\/skyhawksfusion.com\/gientnew\/?s={search_term_string}"},"query-input":{"@type":"PropertyValueSpecification","valueRequired":true,"valueName":"search_term_string"}}],"inLanguage":"en-US"}]}},"_links":{"self":[{"href":"https:\/\/skyhawksfusion.com\/gientnew\/wp-json\/wp\/v2\/pages\/8826","targetHints":{"allow":["GET"]}}],"collection":[{"href":"https:\/\/skyhawksfusion.com\/gientnew\/wp-json\/wp\/v2\/pages"}],"about":[{"href":"https:\/\/skyhawksfusion.com\/gientnew\/wp-json\/wp\/v2\/types\/page"}],"author":[{"embeddable":true,"href":"https:\/\/skyhawksfusion.com\/gientnew\/wp-json\/wp\/v2\/users\/1"}],"replies":[{"embeddable":true,"href":"https:\/\/skyhawksfusion.com\/gientnew\/wp-json\/wp\/v2\/comments?post=8826"}],"version-history":[{"count":1,"href":"https:\/\/skyhawksfusion.com\/gientnew\/wp-json\/wp\/v2\/pages\/8826\/revisions"}],"predecessor-version":[{"id":8827,"href":"https:\/\/skyhawksfusion.com\/gientnew\/wp-json\/wp\/v2\/pages\/8826\/revisions\/8827"}],"wp:attachment":[{"href":"https:\/\/skyhawksfusion.com\/gientnew\/wp-json\/wp\/v2\/media?parent=8826"}],"curies":[{"name":"wp","href":"https:\/\/api.w.org\/{rel}","templated":true}]}}