{"id":8820,"date":"2025-12-11T07:54:40","date_gmt":"2025-12-11T07:54:40","guid":{"rendered":"https:\/\/skyhawksfusion.com\/gientnew\/?page_id=8820"},"modified":"2025-12-11T09:00:47","modified_gmt":"2025-12-11T09:00:47","slug":"quest-ce-que-les-dechets-medicaux","status":"publish","type":"page","link":"https:\/\/skyhawksfusion.com\/gientnew\/fr\/quest-ce-que-les-dechets-medicaux\/","title":{"rendered":"Qu&#8217;est-ce que les d\u00e9chets m\u00e9dicaux ?"},"content":{"rendered":"<p><img decoding=\"async\" class=\"w-100\" src=\"https:\/\/www.gient.net\/wp-content\/uploads\/2025\/10\/medical-waste-scaled.jpg\" \/><\/p>\n<h2 class=\"h-custom-headline cs-ta-left h2\">Qu&#8217;est-ce que les d\u00e9chets m\u00e9dicaux ?<\/h2>\n<p>Les d\u00e9chets m\u00e9dicaux sont g\u00e9n\u00e9r\u00e9s par les \u00e9tablissements de sant\u00e9 et contiennent des micro-organismes potentiellement dangereux susceptibles d&#8217;infecter les patients, le personnel soignant et le grand public.<\/p>\n<p>\u2014 Organisation Mondiale de la Sant\u00e9 (OMS)<\/p>\n<p><strong><b>Types de d\u00e9chets m\u00e9dicaux<\/b><\/strong><\/p>\n<p><strong><b>D\u00e9chets infectieux :<\/b><\/strong> d\u00e9chets connus ou suspect\u00e9s de contenir des agents pathog\u00e8nes et pr\u00e9sentant un risque de transmission de maladies, par exemple les d\u00e9chets et les eaux us\u00e9es contamin\u00e9s par du sang et d&#8217;autres fluides corporels, y compris les d\u00e9chets hautement infectieux tels que les cultures de laboratoire et les souches microbiologiques ; et les d\u00e9chets, y compris les excr\u00e9ments et autres mat\u00e9riaux ayant \u00e9t\u00e9 en contact avec des patients atteints de maladies hautement infectieuses dans des services d&#8217;isolement.<\/p>\n<p><strong><b>Objets tranchants :<\/b><\/strong> objets tranchants utilis\u00e9s ou non, par exemple aiguilles hypodermiques, intraveineuses ou autres ; seringues auto-bloquantes ; seringues avec aiguilles attach\u00e9es ; sets de perfusion ; scalpels ; pipettes ; couteaux ; lames ; verre bris\u00e9 ; D\u00e9chets pathologiques : tissus, organes ou fluides humains, parties du corps, f\u0153tus, produits sanguins non utilis\u00e9s et carcasses d&#8217;animaux contamin\u00e9es ;<\/p>\n<p><strong><b>D\u00e9chets chimiques :<\/b><\/strong> solvants et r\u00e9actifs, d\u00e9sinfectants, st\u00e9rilisants, etc.<\/p>\n<p><strong><b>D\u00e9chets pharmaceutiques :<\/b><\/strong> produits pharmaceutiques p\u00e9rim\u00e9s ou inutilis\u00e9s ; articles contamin\u00e9s par des produits pharmaceutiques ou en contenant. D\u00e9chets cytotoxiques contenant des substances aux propri\u00e9t\u00e9s g\u00e9notoxiques, par exemple d\u00e9chets contenant des m\u00e9dicaments cytostatiques (souvent utilis\u00e9s en chimioth\u00e9rapie) ; produits chimiques g\u00e9notoxiques<\/p>\n<p><strong><b>Dangers des d\u00e9chets m\u00e9dicaux<\/b><\/strong><\/p>\n<ul>\n<li><b><\/b><strong><b>Risques d&#8217;infection<\/b><\/strong><\/li>\n<\/ul>\n<p>Transmission d&#8217;agents pathog\u00e8nes : Une manipulation incorrecte peut entra\u00eener des piq\u00fbres d&#8217;aiguille ou un contact direct, pr\u00e9sentant de graves risques pour la sant\u00e9 des travailleurs de la sant\u00e9, des personnes charg\u00e9es de la gestion des d\u00e9chets et du public.<\/p>\n<p>Propagation des \u00e9pid\u00e9mies : Lors d&#8217;\u00e9pid\u00e9mies (par exemple, COVID-19, Ebola), une mauvaise gestion des d\u00e9chets m\u00e9dicaux peut amplifier la transmission des maladies au sein des communaut\u00e9s. <\/p>\n<ul>\n<li><b>Pollution environnementale<\/b><\/li>\n<\/ul>\n<p>Contamination des sols et de l&#8217;eau : Les produits chimiques et pharmaceutiques qui s&#8217;infiltrent dans le sol et les nappes phr\u00e9atiques perturbent les \u00e9cosyst\u00e8mes et entrent dans la cha\u00eene alimentaire.<\/p>\n<p>Pollution de l&#8217;air : L&#8217;incin\u00e9ration \u00e0 ciel ouvert ou inefficace lib\u00e8re des fum\u00e9es toxiques (par exemple, dioxines, furanes) li\u00e9es au cancer, aux maladies respiratoires et au changement climatique.<\/p>\n<ul>\n<li><b>Crises de sant\u00e9 publique<\/b><\/li>\n<\/ul>\n<p>Les communaut\u00e9s situ\u00e9es \u00e0 proximit\u00e9 de sites de gestion des d\u00e9chets mal g\u00e9r\u00e9s sont confront\u00e9es \u00e0 des taux plus \u00e9lev\u00e9s d&#8217;infections, de maladies chroniques et \u00e0 une qualit\u00e9 de vie r\u00e9duite.<\/p>\n<p><b>Statistiques de l&#8217;OMS<\/b><\/p>\n<p>Selon l&#8217;OMS et l&#8217;UNICEF, en 2021, seulement 61 % des h\u00f4pitaux disposaient de services de base pour la gestion des d\u00e9chets de soins de sant\u00e9. La situation est bien pire dans les contextes fragiles, o\u00f9, selon les donn\u00e9es de 2023, seulement 25 % des \u00e9tablissements de sant\u00e9 disposaient de services de base pour la gestion des d\u00e9chets de soins de sant\u00e9.<\/p>\n","protected":false},"excerpt":{"rendered":"<p>Qu&#8217;est-ce que les d\u00e9chets m\u00e9dicaux ? Les d\u00e9chets m\u00e9dicaux sont g\u00e9n\u00e9r\u00e9s par les \u00e9tablissements de sant\u00e9 et contiennent des micro-organismes potentiellement dangereux susceptibles d&#8217;infecter les patients, le personnel soignant et le grand public. \u2014 Organisation Mondiale de la Sant\u00e9 (OMS) Types de d\u00e9chets m\u00e9dicaux D\u00e9chets infectieux : d\u00e9chets connus ou suspect\u00e9s de contenir des agents [&hellip;]<\/p>\n","protected":false},"author":1,"featured_media":0,"parent":0,"menu_order":0,"comment_status":"closed","ping_status":"closed","template":"template-medical-wasteinci.php","meta":{"_acf_changed":false,"footnotes":""},"class_list":["post-8820","page","type-page","status-publish","hentry"],"acf":[],"yoast_head":"<!-- This site is optimized with the Yoast SEO Premium plugin v25.6 (Yoast SEO v26.7) - https:\/\/yoast.com\/wordpress\/plugins\/seo\/ -->\n<title>Qu&#039;est-ce que les d\u00e9chets m\u00e9dicaux ? - GIENT - Medical waste treatment and disposal equipment<\/title>\n<meta name=\"robots\" content=\"noindex, follow, max-snippet:-1, max-image-preview:large, max-video-preview:-1\" \/>\n<meta property=\"og:locale\" content=\"en_US\" \/>\n<meta property=\"og:type\" content=\"article\" \/>\n<meta property=\"og:title\" content=\"Qu&#039;est-ce que les d\u00e9chets m\u00e9dicaux ?\" \/>\n<meta property=\"og:description\" content=\"Qu&#8217;est-ce que les d\u00e9chets m\u00e9dicaux ? Les d\u00e9chets m\u00e9dicaux sont g\u00e9n\u00e9r\u00e9s par les \u00e9tablissements de sant\u00e9 et contiennent des micro-organismes potentiellement dangereux susceptibles d&#8217;infecter les patients, le personnel soignant et le grand public. \u2014 Organisation Mondiale de la Sant\u00e9 (OMS) Types de d\u00e9chets m\u00e9dicaux D\u00e9chets infectieux : d\u00e9chets connus ou suspect\u00e9s de contenir des agents [&hellip;]\" \/>\n<meta property=\"og:url\" content=\"https:\/\/skyhawksfusion.com\/gientnew\/fr\/quest-ce-que-les-dechets-medicaux\/\" \/>\n<meta property=\"og:site_name\" content=\"GIENT - Medical waste treatment and disposal equipment\" \/>\n<meta property=\"article:publisher\" content=\"https:\/\/www.facebook.com\/gient.net\/?fref=ts\" \/>\n<meta property=\"article:modified_time\" content=\"2025-12-11T09:00:47+00:00\" \/>\n<meta property=\"og:image\" content=\"https:\/\/www.gient.net\/wp-content\/uploads\/2025\/10\/medical-waste-scaled.jpg\" \/>\n<meta name=\"twitter:card\" content=\"summary_large_image\" \/>\n<meta name=\"twitter:site\" content=\"@GientNews\" \/>\n<meta name=\"twitter:label1\" content=\"Est. reading time\" \/>\n\t<meta name=\"twitter:data1\" content=\"3 minutes\" \/>\n<script type=\"application\/ld+json\" class=\"yoast-schema-graph\">{\"@context\":\"https:\/\/schema.org\",\"@graph\":[{\"@type\":\"WebPage\",\"@id\":\"https:\/\/skyhawksfusion.com\/gientnew\/fr\/quest-ce-que-les-dechets-medicaux\/\",\"url\":\"https:\/\/skyhawksfusion.com\/gientnew\/fr\/quest-ce-que-les-dechets-medicaux\/\",\"name\":\"Qu'est-ce que les d\u00e9chets m\u00e9dicaux ? - GIENT - Medical waste treatment and disposal equipment\",\"isPartOf\":{\"@id\":\"https:\/\/skyhawksfusion.com\/gientnew\/#website\"},\"primaryImageOfPage\":{\"@id\":\"https:\/\/skyhawksfusion.com\/gientnew\/fr\/quest-ce-que-les-dechets-medicaux\/#primaryimage\"},\"image\":{\"@id\":\"https:\/\/skyhawksfusion.com\/gientnew\/fr\/quest-ce-que-les-dechets-medicaux\/#primaryimage\"},\"thumbnailUrl\":\"https:\/\/www.gient.net\/wp-content\/uploads\/2025\/10\/medical-waste-scaled.jpg\",\"datePublished\":\"2025-12-11T07:54:40+00:00\",\"dateModified\":\"2025-12-11T09:00:47+00:00\",\"breadcrumb\":{\"@id\":\"https:\/\/skyhawksfusion.com\/gientnew\/fr\/quest-ce-que-les-dechets-medicaux\/#breadcrumb\"},\"inLanguage\":\"en-US\",\"potentialAction\":[{\"@type\":\"ReadAction\",\"target\":[\"https:\/\/skyhawksfusion.com\/gientnew\/fr\/quest-ce-que-les-dechets-medicaux\/\"]}]},{\"@type\":\"ImageObject\",\"inLanguage\":\"en-US\",\"@id\":\"https:\/\/skyhawksfusion.com\/gientnew\/fr\/quest-ce-que-les-dechets-medicaux\/#primaryimage\",\"url\":\"https:\/\/www.gient.net\/wp-content\/uploads\/2025\/10\/medical-waste-scaled.jpg\",\"contentUrl\":\"https:\/\/www.gient.net\/wp-content\/uploads\/2025\/10\/medical-waste-scaled.jpg\"},{\"@type\":\"BreadcrumbList\",\"@id\":\"https:\/\/skyhawksfusion.com\/gientnew\/fr\/quest-ce-que-les-dechets-medicaux\/#breadcrumb\",\"itemListElement\":[{\"@type\":\"ListItem\",\"position\":1,\"name\":\"Home\",\"item\":\"https:\/\/skyhawksfusion.com\/gientnew\/\"},{\"@type\":\"ListItem\",\"position\":2,\"name\":\"Qu&#8217;est-ce que les d\u00e9chets m\u00e9dicaux ?\"}]},{\"@type\":\"WebSite\",\"@id\":\"https:\/\/skyhawksfusion.com\/gientnew\/#website\",\"url\":\"https:\/\/skyhawksfusion.com\/gientnew\/\",\"name\":\"GIENT - Medical waste treatment and disposal equipment\",\"description\":\"medical waste treatment, medical waste disposal, medical waste autoclave\",\"potentialAction\":[{\"@type\":\"SearchAction\",\"target\":{\"@type\":\"EntryPoint\",\"urlTemplate\":\"https:\/\/skyhawksfusion.com\/gientnew\/?s={search_term_string}\"},\"query-input\":{\"@type\":\"PropertyValueSpecification\",\"valueRequired\":true,\"valueName\":\"search_term_string\"}}],\"inLanguage\":\"en-US\"}]}<\/script>\n<!-- \/ Yoast SEO Premium plugin. -->","yoast_head_json":{"title":"Qu'est-ce que les d\u00e9chets m\u00e9dicaux ? - GIENT - Medical waste treatment and disposal equipment","robots":{"index":"noindex","follow":"follow","max-snippet":"max-snippet:-1","max-image-preview":"max-image-preview:large","max-video-preview":"max-video-preview:-1"},"og_locale":"en_US","og_type":"article","og_title":"Qu'est-ce que les d\u00e9chets m\u00e9dicaux ?","og_description":"Qu&#8217;est-ce que les d\u00e9chets m\u00e9dicaux ? Les d\u00e9chets m\u00e9dicaux sont g\u00e9n\u00e9r\u00e9s par les \u00e9tablissements de sant\u00e9 et contiennent des micro-organismes potentiellement dangereux susceptibles d&#8217;infecter les patients, le personnel soignant et le grand public. \u2014 Organisation Mondiale de la Sant\u00e9 (OMS) Types de d\u00e9chets m\u00e9dicaux D\u00e9chets infectieux : d\u00e9chets connus ou suspect\u00e9s de contenir des agents [&hellip;]","og_url":"https:\/\/skyhawksfusion.com\/gientnew\/fr\/quest-ce-que-les-dechets-medicaux\/","og_site_name":"GIENT - Medical waste treatment and disposal equipment","article_publisher":"https:\/\/www.facebook.com\/gient.net\/?fref=ts","article_modified_time":"2025-12-11T09:00:47+00:00","og_image":[{"url":"https:\/\/www.gient.net\/wp-content\/uploads\/2025\/10\/medical-waste-scaled.jpg","type":"","width":"","height":""}],"twitter_card":"summary_large_image","twitter_site":"@GientNews","twitter_misc":{"Est. reading time":"3 minutes"},"schema":{"@context":"https:\/\/schema.org","@graph":[{"@type":"WebPage","@id":"https:\/\/skyhawksfusion.com\/gientnew\/fr\/quest-ce-que-les-dechets-medicaux\/","url":"https:\/\/skyhawksfusion.com\/gientnew\/fr\/quest-ce-que-les-dechets-medicaux\/","name":"Qu'est-ce que les d\u00e9chets m\u00e9dicaux ? - GIENT - Medical waste treatment and disposal equipment","isPartOf":{"@id":"https:\/\/skyhawksfusion.com\/gientnew\/#website"},"primaryImageOfPage":{"@id":"https:\/\/skyhawksfusion.com\/gientnew\/fr\/quest-ce-que-les-dechets-medicaux\/#primaryimage"},"image":{"@id":"https:\/\/skyhawksfusion.com\/gientnew\/fr\/quest-ce-que-les-dechets-medicaux\/#primaryimage"},"thumbnailUrl":"https:\/\/www.gient.net\/wp-content\/uploads\/2025\/10\/medical-waste-scaled.jpg","datePublished":"2025-12-11T07:54:40+00:00","dateModified":"2025-12-11T09:00:47+00:00","breadcrumb":{"@id":"https:\/\/skyhawksfusion.com\/gientnew\/fr\/quest-ce-que-les-dechets-medicaux\/#breadcrumb"},"inLanguage":"en-US","potentialAction":[{"@type":"ReadAction","target":["https:\/\/skyhawksfusion.com\/gientnew\/fr\/quest-ce-que-les-dechets-medicaux\/"]}]},{"@type":"ImageObject","inLanguage":"en-US","@id":"https:\/\/skyhawksfusion.com\/gientnew\/fr\/quest-ce-que-les-dechets-medicaux\/#primaryimage","url":"https:\/\/www.gient.net\/wp-content\/uploads\/2025\/10\/medical-waste-scaled.jpg","contentUrl":"https:\/\/www.gient.net\/wp-content\/uploads\/2025\/10\/medical-waste-scaled.jpg"},{"@type":"BreadcrumbList","@id":"https:\/\/skyhawksfusion.com\/gientnew\/fr\/quest-ce-que-les-dechets-medicaux\/#breadcrumb","itemListElement":[{"@type":"ListItem","position":1,"name":"Home","item":"https:\/\/skyhawksfusion.com\/gientnew\/"},{"@type":"ListItem","position":2,"name":"Qu&#8217;est-ce que les d\u00e9chets m\u00e9dicaux ?"}]},{"@type":"WebSite","@id":"https:\/\/skyhawksfusion.com\/gientnew\/#website","url":"https:\/\/skyhawksfusion.com\/gientnew\/","name":"GIENT - Medical waste treatment and disposal equipment","description":"medical waste treatment, medical waste disposal, medical waste autoclave","potentialAction":[{"@type":"SearchAction","target":{"@type":"EntryPoint","urlTemplate":"https:\/\/skyhawksfusion.com\/gientnew\/?s={search_term_string}"},"query-input":{"@type":"PropertyValueSpecification","valueRequired":true,"valueName":"search_term_string"}}],"inLanguage":"en-US"}]}},"_links":{"self":[{"href":"https:\/\/skyhawksfusion.com\/gientnew\/wp-json\/wp\/v2\/pages\/8820","targetHints":{"allow":["GET"]}}],"collection":[{"href":"https:\/\/skyhawksfusion.com\/gientnew\/wp-json\/wp\/v2\/pages"}],"about":[{"href":"https:\/\/skyhawksfusion.com\/gientnew\/wp-json\/wp\/v2\/types\/page"}],"author":[{"embeddable":true,"href":"https:\/\/skyhawksfusion.com\/gientnew\/wp-json\/wp\/v2\/users\/1"}],"replies":[{"embeddable":true,"href":"https:\/\/skyhawksfusion.com\/gientnew\/wp-json\/wp\/v2\/comments?post=8820"}],"version-history":[{"count":1,"href":"https:\/\/skyhawksfusion.com\/gientnew\/wp-json\/wp\/v2\/pages\/8820\/revisions"}],"predecessor-version":[{"id":8821,"href":"https:\/\/skyhawksfusion.com\/gientnew\/wp-json\/wp\/v2\/pages\/8820\/revisions\/8821"}],"wp:attachment":[{"href":"https:\/\/skyhawksfusion.com\/gientnew\/wp-json\/wp\/v2\/media?parent=8820"}],"curies":[{"name":"wp","href":"https:\/\/api.w.org\/{rel}","templated":true}]}}