{"id":1246,"date":"2016-08-08T05:56:05","date_gmt":"2016-08-08T05:56:05","guid":{"rendered":"https:\/\/skyhawksfusion.com\/gientnew\/?page_id=1246"},"modified":"2026-02-07T07:14:32","modified_gmt":"2026-02-07T07:14:32","slug":"eliminacion-de-residuos-hospitalarios","status":"publish","type":"page","link":"https:\/\/skyhawksfusion.com\/gientnew\/es\/eliminacion-de-residuos-hospitalarios\/","title":{"rendered":"PRODUCTOS"},"content":{"rendered":"<p>[cs_content][cs_section parallax=&#8221;true&#8221; bg_pattern=&#8221;https:\/\/skyhawksfusion.com\/gientnew\/wp-content\/uploads\/2024\/07\/Banner-Products-1-scaled.jpg&#8221; style=&#8221;margin: 0px;padding: 55px 0px 225px;&#8221;][cs_row inner_container=&#8221;true&#8221; marginless_columns=&#8221;false&#8221; style=&#8221;margin: 0px auto;padding: 0px;&#8221;][cs_column fade=&#8221;false&#8221; fade_animation=&#8221;in&#8221; fade_animation_offset=&#8221;45px&#8221; fade_duration=&#8221;750&#8243; type=&#8221;1\/1&#8243; style=&#8221;padding: 0px;&#8221;]\u00a0[\/cs_column][\/cs_row][\/cs_section][cs_section parallax=&#8221;false&#8221; style=&#8221;margin: 0px;padding: 45px 0px;&#8221;][cs_row inner_container=&#8221;true&#8221; marginless_columns=&#8221;false&#8221; style=&#8221;margin: 0px auto;padding: 0px;&#8221;][cs_column fade=&#8221;false&#8221; fade_animation=&#8221;in&#8221; fade_animation_offset=&#8221;45px&#8221; fade_duration=&#8221;750&#8243; type=&#8221;1\/1&#8243; style=&#8221;padding: 0px;&#8221;][x_custom_headline level=&#8221;h2&#8243; looks_like=&#8221;h2&#8243; accent=&#8221;false&#8221; class=&#8221;cs-ta-center&#8221;]PLANTA DE TRATAMIENTO DE RESIDUOS M\u00c9DICOS<br \/>\n[\/x_custom_headline][x_gap size=&#8221;25px&#8221;][cs_text][metaslider id=&#8221;6688&#8243;][\/cs_text][\/cs_column][\/cs_row][cs_row inner_container=&#8221;true&#8221; marginless_columns=&#8221;false&#8221; style=&#8221;margin: 0px auto;padding: 0px;&#8221;][cs_column fade=&#8221;false&#8221; fade_animation=&#8221;in&#8221; fade_animation_offset=&#8221;45px&#8221; fade_duration=&#8221;750&#8243; type=&#8221;1\/1&#8243; style=&#8221;padding: 0px;&#8221;]\u00a0[\/cs_column][\/cs_row][\/cs_section][cs_section bg_color=&#8221;hsl(0, 0%, 100%)&#8221; parallax=&#8221;false&#8221; style=&#8221;margin: 0px;padding: 45px 0px;&#8221;][cs_row inner_container=&#8221;true&#8221; marginless_columns=&#8221;false&#8221; style=&#8221;margin: 0px auto;padding: 0px;&#8221;][cs_column fade=&#8221;false&#8221; fade_animation=&#8221;in&#8221; fade_animation_offset=&#8221;45px&#8221; fade_duration=&#8221;750&#8243; type=&#8221;1\/1&#8243; style=&#8221;padding: 0px;&#8221;][x_custom_headline level=&#8221;h2&#8243; looks_like=&#8221;h2&#8243; accent=&#8221;false&#8221; class=&#8221;cs-ta-center&#8221;]TRATAMIENTO IN SITU EN HOSPITALES<br \/>\n[\/x_custom_headline][x_gap size=&#8221;25px&#8221;][\/cs_column][\/cs_row][cs_row inner_container=&#8221;true&#8221; marginless_columns=&#8221;false&#8221; style=&#8221;margin: 0px auto;padding: 0px;&#8221;][cs_column fade=&#8221;false&#8221; fade_animation=&#8221;in&#8221; fade_animation_offset=&#8221;45px&#8221; fade_duration=&#8221;750&#8243; type=&#8221;1\/1&#8243; style=&#8221;padding: 0px;&#8221;][cs_text][metaslider id=&#8221;6699&#8243;][\/cs_text][\/cs_column][\/cs_row][\/cs_section][cs_section parallax=&#8221;false&#8221; style=&#8221;margin: 0px;padding: 45px 0px;&#8221;][cs_row inner_container=&#8221;true&#8221; marginless_columns=&#8221;false&#8221; style=&#8221;margin: 0px auto;padding: 0px;&#8221;][cs_column fade=&#8221;false&#8221; fade_animation=&#8221;in&#8221; fade_animation_offset=&#8221;45px&#8221; fade_duration=&#8221;750&#8243; type=&#8221;1\/1&#8243; style=&#8221;padding: 0px;&#8221;][x_custom_headline level=&#8221;h2&#8243; looks_like=&#8221;h2&#8243; accent=&#8221;false&#8221; class=&#8221;cs-ta-center&#8221;]SISTEMA M\u00d3VIL DE TRATAMIENTO DE RESIDUOS M\u00c9DICOS<br \/>\n[\/x_custom_headline][x_gap size=&#8221;25px&#8221;][\/cs_column][\/cs_row][cs_row inner_container=&#8221;true&#8221; marginless_columns=&#8221;false&#8221; style=&#8221;margin: 0px auto;padding: 0px;&#8221;][cs_column fade=&#8221;false&#8221; fade_animation=&#8221;in&#8221; fade_animation_offset=&#8221;45px&#8221; fade_duration=&#8221;750&#8243; type=&#8221;1\/1&#8243; style=&#8221;padding: 0px;&#8221;][cs_text][metaslider id=&#8221;6924&#8243;][\/cs_text][\/cs_column][\/cs_row][\/cs_section][cs_section bg_color=&#8221;hsl(0, 0%, 100%)&#8221; parallax=&#8221;false&#8221; style=&#8221;margin: 0px;padding: 45px 0px;&#8221;][cs_row inner_container=&#8221;true&#8221; marginless_columns=&#8221;false&#8221; style=&#8221;margin: 0px auto;padding: 0px;&#8221;][cs_column fade=&#8221;false&#8221; fade_animation=&#8221;in&#8221; fade_animation_offset=&#8221;45px&#8221; fade_duration=&#8221;750&#8243; type=&#8221;1\/1&#8243; style=&#8221;padding: 0px;&#8221;][x_custom_headline level=&#8221;h2&#8243; looks_like=&#8221;h2&#8243; accent=&#8221;false&#8221; class=&#8221;cs-ta-center&#8221;]SOLUCI\u00d3N DE TRATAMIENTO PARA TODO TIPO DE RESIDUOS M\u00c9DICOS<br \/>\n[\/x_custom_headline][x_gap size=&#8221;25px&#8221;][\/cs_column][\/cs_row][cs_row inner_container=&#8221;true&#8221; marginless_columns=&#8221;false&#8221; style=&#8221;margin: 0px auto;padding: 0px;&#8221;][cs_column fade=&#8221;false&#8221; fade_animation=&#8221;in&#8221; fade_animation_offset=&#8221;45px&#8221; fade_duration=&#8221;750&#8243; type=&#8221;1\/1&#8243; style=&#8221;padding: 0px;&#8221;][cs_text][metaslider id=&#8221;6927&#8243;][\/cs_text][\/cs_column][\/cs_row][\/cs_section][cs_section parallax=&#8221;false&#8221; style=&#8221;margin: 0px;padding: 45px 0px;&#8221;][cs_row inner_container=&#8221;true&#8221; marginless_columns=&#8221;false&#8221; style=&#8221;margin: 0px auto;padding: 0px;&#8221;][cs_column fade=&#8221;false&#8221; fade_animation=&#8221;in&#8221; fade_animation_offset=&#8221;45px&#8221; fade_duration=&#8221;750&#8243; type=&#8221;1\/1&#8243; style=&#8221;padding: 0px;&#8221;][x_custom_headline level=&#8221;h2&#8243; looks_like=&#8221;h2&#8243; accent=&#8221;false&#8221; class=&#8221;cs-ta-center&#8221;]TRATAMIENTO DE RESIDUOS EN AEROPUERTOS Y PUERTOS INTERNACIONALES<br \/>\n[\/x_custom_headline][x_gap size=&#8221;25px&#8221;][cs_text][metaslider id=&#8221;6929&#8243;][\/cs_text][\/cs_column][\/cs_row][\/cs_section][\/cs_content]<\/p>\n","protected":false},"excerpt":{"rendered":"<p>[cs_content][cs_section parallax=&#8221;true&#8221; bg_pattern=&#8221;https:\/\/skyhawksfusion.com\/gientnew\/wp-content\/uploads\/2024\/07\/Banner-Products-1-scaled.jpg&#8221; style=&#8221;margin: 0px;padding: 55px 0px 225px;&#8221;][cs_row inner_container=&#8221;true&#8221; marginless_columns=&#8221;false&#8221; style=&#8221;margin: 0px auto;padding: 0px;&#8221;][cs_column fade=&#8221;false&#8221; fade_animation=&#8221;in&#8221; fade_animation_offset=&#8221;45px&#8221; fade_duration=&#8221;750&#8243; type=&#8221;1\/1&#8243; style=&#8221;padding: 0px;&#8221;]\u00a0[\/cs_column][\/cs_row][\/cs_section][cs_section parallax=&#8221;false&#8221; style=&#8221;margin: 0px;padding: 45px 0px;&#8221;][cs_row inner_container=&#8221;true&#8221; marginless_columns=&#8221;false&#8221; style=&#8221;margin: 0px auto;padding: 0px;&#8221;][cs_column fade=&#8221;false&#8221; fade_animation=&#8221;in&#8221; fade_animation_offset=&#8221;45px&#8221; fade_duration=&#8221;750&#8243; type=&#8221;1\/1&#8243; style=&#8221;padding: 0px;&#8221;][x_custom_headline level=&#8221;h2&#8243; looks_like=&#8221;h2&#8243; accent=&#8221;false&#8221; class=&#8221;cs-ta-center&#8221;]PLANTA DE TRATAMIENTO DE RESIDUOS M\u00c9DICOS [\/x_custom_headline][x_gap size=&#8221;25px&#8221;][cs_text][metaslider id=&#8221;6688&#8243;][\/cs_text][\/cs_column][\/cs_row][cs_row inner_container=&#8221;true&#8221; marginless_columns=&#8221;false&#8221; style=&#8221;margin: 0px [&hellip;]<\/p>\n","protected":false},"author":1,"featured_media":0,"parent":0,"menu_order":0,"comment_status":"closed","ping_status":"closed","template":"template-products.php","meta":{"_acf_changed":false,"footnotes":""},"class_list":["post-1246","page","type-page","status-publish","hentry"],"acf":[],"yoast_head":"<!-- This site is optimized with the Yoast SEO Premium plugin v25.6 (Yoast SEO v26.7) - https:\/\/yoast.com\/wordpress\/plugins\/seo\/ -->\n<title>Eliminaci\u00f3n de residuos hospitalarios - Soluciones y Productos<\/title>\n<meta name=\"description\" content=\"GIENT ofrece las \u00faltimas soluciones y productos para diversas demandas de eliminaci\u00f3n de desechos de cl\u00ednicas y eliminaci\u00f3n de residuos hospitalarios.\" \/>\n<meta name=\"robots\" content=\"noindex, follow, max-snippet:-1, max-image-preview:large, max-video-preview:-1\" \/>\n<meta property=\"og:locale\" content=\"en_US\" \/>\n<meta property=\"og:type\" content=\"article\" \/>\n<meta property=\"og:title\" content=\"PRODUCTOS\" \/>\n<meta property=\"og:description\" content=\"GIENT ofrece las \u00faltimas soluciones y productos para diversas demandas de eliminaci\u00f3n de desechos de cl\u00ednicas y eliminaci\u00f3n de residuos hospitalarios.\" \/>\n<meta property=\"og:url\" content=\"https:\/\/skyhawksfusion.com\/gientnew\/es\/eliminacion-de-residuos-hospitalarios\/\" \/>\n<meta property=\"og:site_name\" content=\"GIENT - Medical waste treatment and disposal equipment\" \/>\n<meta property=\"article:publisher\" content=\"https:\/\/www.facebook.com\/gient.net\/?fref=ts\" \/>\n<meta property=\"article:modified_time\" content=\"2026-02-07T07:14:32+00:00\" \/>\n<meta name=\"twitter:card\" content=\"summary_large_image\" \/>\n<meta name=\"twitter:site\" content=\"@GientNews\" \/>\n<meta name=\"twitter:label1\" content=\"Est. reading time\" \/>\n\t<meta name=\"twitter:data1\" content=\"2 minutes\" \/>\n<script type=\"application\/ld+json\" class=\"yoast-schema-graph\">{\"@context\":\"https:\/\/schema.org\",\"@graph\":[{\"@type\":\"WebPage\",\"@id\":\"https:\/\/skyhawksfusion.com\/gientnew\/es\/eliminacion-de-residuos-hospitalarios\/\",\"url\":\"https:\/\/skyhawksfusion.com\/gientnew\/es\/eliminacion-de-residuos-hospitalarios\/\",\"name\":\"Eliminaci\u00f3n de residuos hospitalarios - Soluciones y Productos\",\"isPartOf\":{\"@id\":\"https:\/\/skyhawksfusion.com\/gientnew\/#website\"},\"datePublished\":\"2016-08-08T05:56:05+00:00\",\"dateModified\":\"2026-02-07T07:14:32+00:00\",\"description\":\"GIENT ofrece las \u00faltimas soluciones y productos para diversas demandas de eliminaci\u00f3n de desechos de cl\u00ednicas y eliminaci\u00f3n de residuos hospitalarios.\",\"breadcrumb\":{\"@id\":\"https:\/\/skyhawksfusion.com\/gientnew\/es\/eliminacion-de-residuos-hospitalarios\/#breadcrumb\"},\"inLanguage\":\"en-US\",\"potentialAction\":[{\"@type\":\"ReadAction\",\"target\":[\"https:\/\/skyhawksfusion.com\/gientnew\/es\/eliminacion-de-residuos-hospitalarios\/\"]}]},{\"@type\":\"BreadcrumbList\",\"@id\":\"https:\/\/skyhawksfusion.com\/gientnew\/es\/eliminacion-de-residuos-hospitalarios\/#breadcrumb\",\"itemListElement\":[{\"@type\":\"ListItem\",\"position\":1,\"name\":\"Home\",\"item\":\"https:\/\/skyhawksfusion.com\/gientnew\/\"},{\"@type\":\"ListItem\",\"position\":2,\"name\":\"PRODUCTOS\"}]},{\"@type\":\"WebSite\",\"@id\":\"https:\/\/skyhawksfusion.com\/gientnew\/#website\",\"url\":\"https:\/\/skyhawksfusion.com\/gientnew\/\",\"name\":\"GIENT - Medical waste treatment and disposal equipment\",\"description\":\"medical waste treatment, medical waste disposal, medical waste autoclave\",\"potentialAction\":[{\"@type\":\"SearchAction\",\"target\":{\"@type\":\"EntryPoint\",\"urlTemplate\":\"https:\/\/skyhawksfusion.com\/gientnew\/?s={search_term_string}\"},\"query-input\":{\"@type\":\"PropertyValueSpecification\",\"valueRequired\":true,\"valueName\":\"search_term_string\"}}],\"inLanguage\":\"en-US\"}]}<\/script>\n<!-- \/ Yoast SEO Premium plugin. -->","yoast_head_json":{"title":"Eliminaci\u00f3n de residuos hospitalarios - Soluciones y Productos","description":"GIENT ofrece las \u00faltimas soluciones y productos para diversas demandas de eliminaci\u00f3n de desechos de cl\u00ednicas y eliminaci\u00f3n de residuos hospitalarios.","robots":{"index":"noindex","follow":"follow","max-snippet":"max-snippet:-1","max-image-preview":"max-image-preview:large","max-video-preview":"max-video-preview:-1"},"og_locale":"en_US","og_type":"article","og_title":"PRODUCTOS","og_description":"GIENT ofrece las \u00faltimas soluciones y productos para diversas demandas de eliminaci\u00f3n de desechos de cl\u00ednicas y eliminaci\u00f3n de residuos hospitalarios.","og_url":"https:\/\/skyhawksfusion.com\/gientnew\/es\/eliminacion-de-residuos-hospitalarios\/","og_site_name":"GIENT - Medical waste treatment and disposal equipment","article_publisher":"https:\/\/www.facebook.com\/gient.net\/?fref=ts","article_modified_time":"2026-02-07T07:14:32+00:00","twitter_card":"summary_large_image","twitter_site":"@GientNews","twitter_misc":{"Est. reading time":"2 minutes"},"schema":{"@context":"https:\/\/schema.org","@graph":[{"@type":"WebPage","@id":"https:\/\/skyhawksfusion.com\/gientnew\/es\/eliminacion-de-residuos-hospitalarios\/","url":"https:\/\/skyhawksfusion.com\/gientnew\/es\/eliminacion-de-residuos-hospitalarios\/","name":"Eliminaci\u00f3n de residuos hospitalarios - Soluciones y Productos","isPartOf":{"@id":"https:\/\/skyhawksfusion.com\/gientnew\/#website"},"datePublished":"2016-08-08T05:56:05+00:00","dateModified":"2026-02-07T07:14:32+00:00","description":"GIENT ofrece las \u00faltimas soluciones y productos para diversas demandas de eliminaci\u00f3n de desechos de cl\u00ednicas y eliminaci\u00f3n de residuos hospitalarios.","breadcrumb":{"@id":"https:\/\/skyhawksfusion.com\/gientnew\/es\/eliminacion-de-residuos-hospitalarios\/#breadcrumb"},"inLanguage":"en-US","potentialAction":[{"@type":"ReadAction","target":["https:\/\/skyhawksfusion.com\/gientnew\/es\/eliminacion-de-residuos-hospitalarios\/"]}]},{"@type":"BreadcrumbList","@id":"https:\/\/skyhawksfusion.com\/gientnew\/es\/eliminacion-de-residuos-hospitalarios\/#breadcrumb","itemListElement":[{"@type":"ListItem","position":1,"name":"Home","item":"https:\/\/skyhawksfusion.com\/gientnew\/"},{"@type":"ListItem","position":2,"name":"PRODUCTOS"}]},{"@type":"WebSite","@id":"https:\/\/skyhawksfusion.com\/gientnew\/#website","url":"https:\/\/skyhawksfusion.com\/gientnew\/","name":"GIENT - Medical waste treatment and disposal equipment","description":"medical waste treatment, medical waste disposal, medical waste autoclave","potentialAction":[{"@type":"SearchAction","target":{"@type":"EntryPoint","urlTemplate":"https:\/\/skyhawksfusion.com\/gientnew\/?s={search_term_string}"},"query-input":{"@type":"PropertyValueSpecification","valueRequired":true,"valueName":"search_term_string"}}],"inLanguage":"en-US"}]}},"_links":{"self":[{"href":"https:\/\/skyhawksfusion.com\/gientnew\/wp-json\/wp\/v2\/pages\/1246","targetHints":{"allow":["GET"]}}],"collection":[{"href":"https:\/\/skyhawksfusion.com\/gientnew\/wp-json\/wp\/v2\/pages"}],"about":[{"href":"https:\/\/skyhawksfusion.com\/gientnew\/wp-json\/wp\/v2\/types\/page"}],"author":[{"embeddable":true,"href":"https:\/\/skyhawksfusion.com\/gientnew\/wp-json\/wp\/v2\/users\/1"}],"replies":[{"embeddable":true,"href":"https:\/\/skyhawksfusion.com\/gientnew\/wp-json\/wp\/v2\/comments?post=1246"}],"version-history":[{"count":47,"href":"https:\/\/skyhawksfusion.com\/gientnew\/wp-json\/wp\/v2\/pages\/1246\/revisions"}],"predecessor-version":[{"id":8989,"href":"https:\/\/skyhawksfusion.com\/gientnew\/wp-json\/wp\/v2\/pages\/1246\/revisions\/8989"}],"wp:attachment":[{"href":"https:\/\/skyhawksfusion.com\/gientnew\/wp-json\/wp\/v2\/media?parent=1246"}],"curies":[{"name":"wp","href":"https:\/\/api.w.org\/{rel}","templated":true}]}}